CRAN Package Check Results for Package cancerGI

Last updated on 2021-04-17 23:48:19 CEST.

Flavor Version Tinstall Tcheck Ttotal Status Flags
r-devel-linux-x86_64-debian-clang 1.0.0 12.28 110.22 122.50 NOTE
r-devel-linux-x86_64-debian-gcc 1.0.0 10.11 85.91 96.02 NOTE
r-devel-linux-x86_64-fedora-clang 1.0.0 150.55 NOTE
r-devel-linux-x86_64-fedora-gcc 1.0.0 138.85 NOTE
r-devel-windows-ix86+x86_64 1.0.0 29.00 131.00 160.00 OK
r-devel-windows-x86_64-gcc10-UCRT 1.0.0 OK
r-patched-linux-x86_64 1.0.0 10.56 101.61 112.17 NOTE
r-patched-solaris-x86 1.0.0 213.00 NOTE
r-release-linux-x86_64 1.0.0 11.37 102.66 114.03 NOTE
r-release-macos-x86_64 1.0.0 OK
r-release-windows-ix86+x86_64 1.0.0 31.00 137.00 168.00 OK
r-oldrel-macos-x86_64 1.0.0 OK
r-oldrel-windows-ix86+x86_64 1.0.0 16.00 121.00 137.00 OK

Check Details

Version: 1.0.0
Check: for non-standard things in the check directory
Result: NOTE
    Found the following files/directories:
     'tmp.txt'
Flavors: r-devel-linux-x86_64-debian-clang, r-devel-linux-x86_64-debian-gcc, r-devel-linux-x86_64-fedora-clang, r-devel-linux-x86_64-fedora-gcc, r-patched-linux-x86_64, r-patched-solaris-x86, r-release-linux-x86_64