Last updated on 2022-07-03 23:55:40 CEST.
Flavor | Version | Tinstall | Tcheck | Ttotal | Status | Flags |
---|---|---|---|---|---|---|
r-devel-linux-x86_64-debian-clang | 0.3.3 | 31.71 | 140.16 | 171.87 | WARN | |
r-devel-linux-x86_64-debian-gcc | 0.3.3 | 23.08 | 95.41 | 118.49 | OK | |
r-devel-linux-x86_64-fedora-clang | 0.3.3 | 206.10 | WARN | |||
r-devel-linux-x86_64-fedora-gcc | 0.3.3 | 201.71 | OK | |||
r-devel-windows-x86_64 | 0.3.3 | 76.00 | 193.00 | 269.00 | OK | |
r-patched-linux-x86_64 | 0.3.3 | 29.59 | 129.47 | 159.06 | OK | |
r-release-linux-x86_64 | 0.3.3 | 28.35 | 131.44 | 159.79 | OK | |
r-release-macos-arm64 | 0.3.3 | 49.00 | OK | |||
r-release-macos-x86_64 | 0.3.3 | 83.00 | OK | |||
r-release-windows-x86_64 | 0.3.3 | 70.00 | 198.00 | 268.00 | OK | |
r-oldrel-macos-arm64 | 0.3.3 | 54.00 | OK | |||
r-oldrel-macos-x86_64 | 0.3.3 | 93.00 | OK | |||
r-oldrel-windows-ix86+x86_64 | 0.3.3 | 62.00 | 289.00 | 351.00 | OK |
Version: 0.3.3
Check: whether package can be installed
Result: WARN
Found the following significant warnings:
calculus.cpp:6:10: warning: use of bitwise '|' with boolean operands [-Wbitwise-instead-of-logical]
Flavors: r-devel-linux-x86_64-debian-clang, r-devel-linux-x86_64-fedora-clang