CRAN Package Check Results for Package caTools

Last updated on 2019-06-07 02:50:46 CEST.

Flavor Version Tinstall Tcheck Ttotal Status Flags
r-devel-linux-x86_64-debian-clang 1.17.1.2 5.11 31.03 36.14 NOTE
r-devel-linux-x86_64-debian-gcc 1.17.1.2 4.18 24.90 29.08 NOTE
r-devel-linux-x86_64-fedora-clang 1.17.1.2 45.95 NOTE
r-devel-linux-x86_64-fedora-gcc 1.17.1.2 42.28 NOTE
r-devel-windows-ix86+x86_64 1.17.1.2 20.00 81.00 101.00 NOTE
r-patched-linux-x86_64 1.17.1.2 4.96 31.54 36.50 NOTE
r-patched-solaris-x86 1.17.1.2 70.50 NOTE
r-release-linux-x86_64 1.17.1.2 4.56 31.83 36.39 NOTE
r-release-windows-ix86+x86_64 1.17.1.2 15.00 80.00 95.00 NOTE
r-release-osx-x86_64 1.17.1.2 NOTE
r-oldrel-windows-ix86+x86_64 1.17.1.2 18.00 80.00 98.00 NOTE
r-oldrel-osx-x86_64 1.17.1.2 NOTE

Check Details

Version: 1.17.1.2
Check: DESCRIPTION meta-information
Result: NOTE
    Malformed Title field: should not end in a period.
Flavors: r-devel-linux-x86_64-debian-clang, r-devel-linux-x86_64-debian-gcc, r-devel-linux-x86_64-fedora-clang, r-devel-linux-x86_64-fedora-gcc, r-devel-windows-ix86+x86_64, r-patched-linux-x86_64, r-patched-solaris-x86, r-release-linux-x86_64, r-release-windows-ix86+x86_64, r-release-osx-x86_64, r-oldrel-windows-ix86+x86_64, r-oldrel-osx-x86_64

Version: 1.17.1.2
Check: for non-standard things in the check directory
Result: NOTE
    Found the following files/directories:
     volcano.gif
Flavors: r-devel-linux-x86_64-debian-clang, r-devel-linux-x86_64-debian-gcc

Version: 1.17.1.2
Check: compiled code
Result: NOTE
    File ‘caTools/libs/caTools.so’:
     Found no calls to: ‘R_registerRoutines’, ‘R_useDynamicSymbols’
    
    It is good practice to register native routines and to disable symbol
    search.
    
    See ‘Writing portable packages’ in the ‘Writing R Extensions’ manual.
Flavors: r-devel-linux-x86_64-fedora-clang, r-devel-linux-x86_64-fedora-gcc

Version: 1.17.1.2
Check: for non-standard things in the check directory
Result: NOTE
    Found the following files/directories:
     ‘volcano.gif’
Flavors: r-devel-linux-x86_64-fedora-clang, r-devel-linux-x86_64-fedora-gcc