CRAN Package Check Results for Package c3net

Last updated on 2021-04-17 23:48:19 CEST.

Flavor Version Tinstall Tcheck Ttotal Status Flags
r-devel-linux-x86_64-debian-clang 1.1.1 2.38 53.77 56.15 NOTE
r-devel-linux-x86_64-debian-gcc 1.1.1 2.10 43.45 45.55 NOTE
r-devel-linux-x86_64-fedora-clang 1.1.1 76.85 NOTE
r-devel-linux-x86_64-fedora-gcc 1.1.1 67.90 NOTE
r-devel-windows-ix86+x86_64 1.1.1 5.00 98.00 103.00 NOTE
r-devel-windows-x86_64-gcc10-UCRT 1.1.1 NOTE
r-patched-linux-x86_64 1.1.1 2.53 53.24 55.77 NOTE
r-patched-solaris-x86 1.1.1 125.10 NOTE
r-release-linux-x86_64 1.1.1 2.80 53.79 56.59 NOTE
r-release-macos-x86_64 1.1.1 NOTE
r-release-windows-ix86+x86_64 1.1.1 4.00 103.00 107.00 NOTE
r-oldrel-macos-x86_64 1.1.1 NOTE
r-oldrel-windows-ix86+x86_64 1.1.1 4.00 93.00 97.00 NOTE

Check Details

Version: 1.1.1
Check: R code for possible problems
Result: NOTE
    makemim: no visible global function definition for 'cor'
    sigtestMTC: no visible global function definition for 'p.adjust'
    Undefined global functions or variables:
     cor p.adjust
    Consider adding
     importFrom("stats", "cor", "p.adjust")
    to your NAMESPACE file.
Flavors: r-devel-linux-x86_64-debian-clang, r-devel-linux-x86_64-debian-gcc, r-devel-linux-x86_64-fedora-clang, r-devel-linux-x86_64-fedora-gcc, r-devel-windows-ix86+x86_64, r-devel-windows-x86_64-gcc10-UCRT, r-patched-linux-x86_64, r-patched-solaris-x86, r-release-linux-x86_64, r-release-macos-x86_64, r-release-windows-ix86+x86_64, r-oldrel-macos-x86_64, r-oldrel-windows-ix86+x86_64