CRAN Package Check Results for Package c2c

Last updated on 2022-11-26 23:58:10 CET.

Flavor Version Tinstall Tcheck Ttotal Status Flags
r-devel-linux-x86_64-debian-clang 0.1.0 2.35 25.26 27.61 NOTE
r-devel-linux-x86_64-debian-gcc 0.1.0 1.78 20.26 22.04 NOTE
r-devel-linux-x86_64-fedora-clang 0.1.0 48.25 NOTE
r-devel-linux-x86_64-fedora-gcc 0.1.0 44.07 NOTE
r-devel-windows-x86_64 0.1.0 13.00 58.00 71.00 NOTE
r-patched-linux-x86_64 0.1.0 NOTE
r-release-linux-x86_64 0.1.0 2.28 24.29 26.57 NOTE
r-release-macos-arm64 0.1.0 17.00 NOTE
r-release-macos-x86_64 0.1.0 23.00 NOTE
r-release-windows-x86_64 0.1.0 8.00 56.00 64.00 NOTE
r-oldrel-macos-arm64 0.1.0 24.00 NOTE
r-oldrel-macos-x86_64 0.1.0 27.00 NOTE
r-oldrel-windows-ix86+x86_64 0.1.0 5.00 52.00 57.00 NOTE

Check Details

Version: 0.1.0
Check: LazyData
Result: NOTE
     'LazyData' is specified without a 'data' directory
Flavors: r-devel-linux-x86_64-debian-clang, r-devel-linux-x86_64-debian-gcc, r-devel-linux-x86_64-fedora-clang, r-devel-linux-x86_64-fedora-gcc, r-devel-windows-x86_64, r-patched-linux-x86_64, r-release-linux-x86_64, r-release-macos-arm64, r-release-macos-x86_64, r-release-windows-x86_64, r-oldrel-macos-arm64, r-oldrel-macos-x86_64, r-oldrel-windows-ix86+x86_64