CRAN Package Check Results for Package bytescircle

Last updated on 2020-05-24 23:47:39 CEST.

Flavor Version Tinstall Tcheck Ttotal Status Flags
r-devel-linux-x86_64-debian-clang 1.1 3.03 25.44 28.47 OK
r-devel-linux-x86_64-debian-gcc 1.1 2.29 19.78 22.07 OK
r-devel-linux-x86_64-fedora-clang 1.1 35.45 NOTE
r-devel-linux-x86_64-fedora-gcc 1.1 34.45 NOTE
r-devel-windows-ix86+x86_64 1.1 14.00 46.00 60.00 OK
r-patched-linux-x86_64 1.1 3.05 25.60 28.65 OK
r-patched-solaris-x86 1.1 47.60 OK
r-release-linux-x86_64 1.1 3.06 25.11 28.17 OK
r-release-osx-x86_64 1.1 OK
r-release-windows-ix86+x86_64 1.1 8.00 66.00 74.00 OK
r-oldrel-osx-x86_64 1.1 OK
r-oldrel-windows-ix86+x86_64 1.1 7.00 67.00 74.00 OK

Check Details

Version: 1.1
Check: compiled code
Result: NOTE
    File ‘bytescircle/libs/bytescircle.so’:
     Found no calls to: ‘R_registerRoutines’, ‘R_useDynamicSymbols’
    
    It is good practice to register native routines and to disable symbol
    search.
    
    See ‘Writing portable packages’ in the ‘Writing R Extensions’ manual.
Flavors: r-devel-linux-x86_64-fedora-clang, r-devel-linux-x86_64-fedora-gcc