Last updated on 2021-02-25 23:48:53 CET.
Flavor | Version | Tinstall | Tcheck | Ttotal | Status | Flags |
---|---|---|---|---|---|---|
r-devel-linux-x86_64-debian-clang | 1.0.6 | 3.33 | 36.97 | 40.30 | OK | |
r-devel-linux-x86_64-debian-gcc | 1.0.6 | 2.51 | 28.58 | 31.09 | OK | |
r-devel-linux-x86_64-fedora-clang | 1.0.6 | 58.15 | NOTE | |||
r-devel-linux-x86_64-fedora-gcc | 1.0.6 | 47.41 | OK | |||
r-devel-windows-ix86+x86_64 | 1.0.6 | 7.00 | 41.00 | 48.00 | OK | |
r-patched-linux-x86_64 | 1.0.6 | 3.10 | 35.59 | 38.69 | OK | |
r-patched-solaris-x86 | 1.0.6 | 70.80 | OK | |||
r-release-linux-x86_64 | 1.0.6 | 3.37 | 35.63 | 39.00 | OK | |
r-release-macos-x86_64 | 1.0.6 | OK | ||||
r-release-windows-ix86+x86_64 | 1.0.6 | 25.00 | 57.00 | 82.00 | OK | |
r-oldrel-macos-x86_64 | 1.0.6 | OK | ||||
r-oldrel-windows-ix86+x86_64 | 1.0.6 | 6.00 | 54.00 | 60.00 | OK |
Version: 1.0.6
Check: Rd cross-references
Result: NOTE
Undeclared package ‘mitools’ in Rd xrefs
Flavor: r-devel-linux-x86_64-fedora-clang