Last updated on 2022-06-24 23:50:06 CEST.
Flavor | Version | Tinstall | Tcheck | Ttotal | Status | Flags |
---|---|---|---|---|---|---|
r-devel-linux-x86_64-debian-clang | 1.0.7 | 3.67 | 41.13 | 44.80 | OK | |
r-devel-linux-x86_64-debian-gcc | 1.0.7 | 2.68 | 31.18 | 33.86 | OK | |
r-devel-linux-x86_64-fedora-clang | 1.0.7 | 64.43 | NOTE | |||
r-devel-linux-x86_64-fedora-gcc | 1.0.7 | 62.65 | OK | |||
r-devel-windows-x86_64 | 1.0.7 | 11.00 | 65.00 | 76.00 | OK | |
r-patched-linux-x86_64 | 1.0.7 | 3.81 | 39.85 | 43.66 | OK | |
r-release-linux-x86_64 | 1.0.7 | 3.52 | 38.87 | 42.39 | OK | |
r-release-macos-arm64 | 1.0.7 | 20.00 | OK | |||
r-release-macos-x86_64 | 1.0.7 | 30.00 | OK | |||
r-release-windows-x86_64 | 1.0.7 | 12.00 | 70.00 | 82.00 | OK | |
r-oldrel-macos-arm64 | 1.0.7 | 18.00 | OK | |||
r-oldrel-macos-x86_64 | 1.0.7 | 32.00 | OK | |||
r-oldrel-windows-ix86+x86_64 | 1.0.7 | 9.00 | 62.00 | 71.00 | OK |
Version: 1.0.7
Check: Rd cross-references
Result: NOTE
Undeclared package ‘mitools’ in Rd xrefs
Flavor: r-devel-linux-x86_64-fedora-clang