Last updated on 2022-07-05 23:55:36 CEST.
Flavor | Version | Tinstall | Tcheck | Ttotal | Status | Flags |
---|---|---|---|---|---|---|
r-devel-linux-x86_64-debian-clang | 2.0.1 | 735.42 | 488.37 | 1223.79 | OK | |
r-devel-linux-x86_64-debian-gcc | 2.0.1 | 597.15 | 308.04 | 905.19 | OK | |
r-devel-linux-x86_64-fedora-clang | 2.0.1 | 1807.39 | NOTE | |||
r-devel-linux-x86_64-fedora-gcc | 2.0.1 | 1542.51 | OK | |||
r-devel-windows-x86_64 | 2.0.1 | 502.00 | 513.00 | 1015.00 | NOTE | |
r-patched-linux-x86_64 | 2.0.1 | 616.34 | 399.07 | 1015.41 | OK | |
r-release-linux-x86_64 | 2.0.1 | 619.03 | 412.13 | 1031.16 | OK | |
r-release-macos-arm64 | 2.0.1 | 379.00 | NOTE | |||
r-release-macos-x86_64 | 2.0.1 | 431.00 | NOTE | |||
r-release-windows-x86_64 | 2.0.1 | 668.00 | 516.00 | 1184.00 | NOTE | |
r-oldrel-macos-arm64 | 2.0.1 | 298.00 | NOTE | |||
r-oldrel-macos-x86_64 | 2.0.1 | 467.00 | NOTE | |||
r-oldrel-windows-ix86+x86_64 | 2.0.1 | 1713.00 | 675.00 | 2388.00 | NOTE |
Version: 2.0.1
Check: installed package size
Result: NOTE
installed size is 26.8Mb
sub-directories of 1Mb or more:
data 1.1Mb
doc 2.8Mb
libs 22.3Mb
Flavors: r-devel-linux-x86_64-fedora-clang, r-devel-windows-x86_64, r-release-macos-arm64, r-release-macos-x86_64, r-release-windows-x86_64, r-oldrel-macos-arm64, r-oldrel-macos-x86_64, r-oldrel-windows-ix86+x86_64