CRAN Package Check Results for Package bslib

Last updated on 2021-04-22 23:49:33 CEST.

Flavor Version Tinstall Tcheck Ttotal Status Flags
r-devel-linux-x86_64-debian-clang 0.2.4 4.76 78.90 83.66 NOTE
r-devel-linux-x86_64-debian-gcc 0.2.4 4.23 59.74 63.97 NOTE
r-devel-linux-x86_64-fedora-clang 0.2.4 110.62 NOTE
r-devel-linux-x86_64-fedora-gcc 0.2.4 99.33 NOTE
r-devel-windows-ix86+x86_64 0.2.4 11.00 124.00 135.00 NOTE
r-devel-windows-x86_64-gcc10-UCRT 0.2.4 NOTE
r-patched-linux-x86_64 0.2.4 8.79 77.28 86.07 OK
r-patched-solaris-x86 0.2.4 123.70 NOTE
r-release-linux-x86_64 0.2.4 5.19 78.73 83.92 OK
r-release-macos-x86_64 0.2.4 NOTE
r-release-windows-ix86+x86_64 0.2.4 12.00 117.00 129.00 NOTE
r-oldrel-macos-x86_64 0.2.4 NOTE
r-oldrel-windows-ix86+x86_64 0.2.4 9.00 112.00 121.00 NOTE

Check Details

Version: 0.2.4
Check: LazyData
Result: NOTE
     'LazyData' is specified without a 'data' directory
Flavors: r-devel-linux-x86_64-debian-clang, r-devel-linux-x86_64-debian-gcc, r-devel-linux-x86_64-fedora-clang, r-devel-linux-x86_64-fedora-gcc, r-devel-windows-ix86+x86_64, r-devel-windows-x86_64-gcc10-UCRT

Version: 0.2.4
Check: installed package size
Result: NOTE
     installed size is 7.4Mb
     sub-directories of 1Mb or more:
     fonts 2.4Mb
     lib 3.9Mb
Flavors: r-devel-linux-x86_64-fedora-clang, r-devel-windows-ix86+x86_64, r-patched-solaris-x86, r-release-macos-x86_64, r-release-windows-ix86+x86_64, r-oldrel-macos-x86_64, r-oldrel-windows-ix86+x86_64