CRAN Package Check Results for Package bshazard

Last updated on 2024-06-13 00:55:08 CEST.

Flavor Version Tinstall Tcheck Ttotal Status Flags
r-devel-linux-x86_64-debian-clang 1.2 11.25 98.72 109.97 OK
r-devel-linux-x86_64-debian-gcc 1.2 0.25 1.53 1.78 ERROR
r-devel-linux-x86_64-fedora-clang 1.2 139.43 OK
r-devel-linux-x86_64-fedora-gcc 1.2 132.64 OK
r-devel-windows-x86_64 1.2 10.00 93.00 103.00 OK
r-patched-linux-x86_64 1.2 11.98 96.51 108.49 OK
r-release-linux-x86_64 1.2 12.29 96.19 108.48 OK
r-release-macos-arm64 1.2 41.00 OK
r-release-macos-x86_64 1.2 99.00 OK
r-release-windows-x86_64 1.2 11.00 92.00 103.00 OK
r-oldrel-macos-arm64 1.2 43.00 OK
r-oldrel-macos-x86_64 1.2 88.00 OK
r-oldrel-windows-x86_64 1.2 14.00 106.00 120.00 OK

Check Details

Version: 1.2
Check: package dependencies
Result: ERROR Package required but not available: ‘Epi’ See section ‘The DESCRIPTION file’ in the ‘Writing R Extensions’ manual. Flavor: r-devel-linux-x86_64-debian-gcc