CRAN Package Check Results for Package bsam

Last updated on 2019-07-22 06:47:34 CEST.

Flavor Version Tinstall Tcheck Ttotal Status Flags
r-devel-linux-x86_64-debian-clang 1.1.2 9.87 76.33 86.20 OK
r-devel-linux-x86_64-debian-gcc 1.1.2 9.36 58.24 67.60 OK
r-devel-linux-x86_64-fedora-clang 1.1.2 100.12 NOTE
r-devel-linux-x86_64-fedora-gcc 1.1.2 95.49 NOTE
r-devel-windows-ix86+x86_64 1.1.2 20.00 85.00 105.00 OK
r-patched-linux-x86_64 1.1.2 9.22 71.36 80.58 OK
r-patched-solaris-x86 1.1.2 166.70 NOTE
r-release-linux-x86_64 1.1.2 9.14 73.42 82.56 OK
r-release-windows-ix86+x86_64 1.1.2 20.00 81.00 101.00 OK
r-release-osx-x86_64 1.1.2 NOTE
r-oldrel-windows-ix86+x86_64 1.1.2 22.00 108.00 130.00 OK
r-oldrel-osx-x86_64 1.1.2 NOTE

Check Details

Version: 1.1.2
Check: dependencies in R code
Result: NOTE
    Namespaces in Imports field not imported from:
     ‘rworldxtra’ ‘sp’
     All declared Imports should be used.
Flavors: r-devel-linux-x86_64-fedora-clang, r-devel-linux-x86_64-fedora-gcc, r-patched-solaris-x86, r-release-osx-x86_64, r-oldrel-osx-x86_64