CRAN Package Check Results for Package brxx

Last updated on 2022-05-18 23:52:09 CEST.

Flavor Version Tinstall Tcheck Ttotal Status Flags
r-devel-linux-x86_64-debian-clang 0.1.2 22.69 200.18 222.87 NOTE
r-devel-linux-x86_64-debian-gcc 0.1.2 15.44 146.04 161.48 NOTE
r-devel-linux-x86_64-fedora-clang 0.1.2 261.36 NOTE
r-devel-linux-x86_64-fedora-gcc 0.1.2 267.50 NOTE
r-devel-windows-x86_64 0.1.2 26.00 209.00 235.00 NOTE
r-patched-linux-x86_64 0.1.2 21.54 184.45 205.99 NOTE
r-release-linux-x86_64 0.1.2 0.43 11.47 11.90 ERROR
r-release-macos-arm64 0.1.2 76.00 NOTE
r-release-macos-x86_64 0.1.2 117.00 NOTE
r-release-windows-x86_64 0.1.2 26.00 209.00 235.00 NOTE
r-oldrel-macos-arm64 0.1.2 74.00 NOTE
r-oldrel-macos-x86_64 0.1.2 110.00 NOTE
r-oldrel-windows-ix86+x86_64 0.1.2 49.00 202.00 251.00 NOTE

Check Details

Version: 0.1.2
Check: LazyData
Result: NOTE
     'LazyData' is specified without a 'data' directory
Flavors: r-devel-linux-x86_64-debian-clang, r-devel-linux-x86_64-debian-gcc, r-devel-linux-x86_64-fedora-clang, r-devel-linux-x86_64-fedora-gcc, r-devel-windows-x86_64, r-patched-linux-x86_64, r-release-macos-arm64, r-release-macos-x86_64, r-release-windows-x86_64, r-oldrel-macos-arm64, r-oldrel-macos-x86_64, r-oldrel-windows-ix86+x86_64

Version: 0.1.2
Check: package dependencies
Result: ERROR
    Package required but not available: ‘blavaan’
    
    See section ‘The DESCRIPTION file’ in the ‘Writing R Extensions’
    manual.
Flavor: r-release-linux-x86_64