CRAN Package Check Results for Package brotli

Last updated on 2020-11-25 23:51:32 CET.

Flavor Version Tinstall Tcheck Ttotal Status Flags
r-devel-linux-x86_64-debian-clang 1.2 48.45 35.72 84.17 OK
r-devel-linux-x86_64-debian-gcc 1.2 47.26 28.66 75.92 OK
r-devel-linux-x86_64-fedora-clang 1.2 100.96 NOTE
r-devel-linux-x86_64-fedora-gcc 1.2 86.29 OK
r-devel-windows-ix86+x86_64 1.2 73.00 62.00 135.00 OK
r-patched-linux-x86_64 1.2 63.06 35.25 98.31 OK
r-patched-solaris-x86 1.2 127.80 NOTE
r-release-linux-x86_64 1.2 64.78 35.47 100.25 OK
r-release-macos-x86_64 1.2 OK
r-release-windows-ix86+x86_64 1.2 74.00 50.00 124.00 OK
r-oldrel-macos-x86_64 1.2 OK
r-oldrel-windows-ix86+x86_64 1.2 65.00 59.00 124.00 OK

Check Details

Version: 1.2
Check: installed package size
Result: NOTE
     installed size is 6.4Mb
     sub-directories of 1Mb or more:
     bin 2.6Mb
     doc 1.1Mb
     libs 2.6Mb
Flavors: r-devel-linux-x86_64-fedora-clang, r-patched-solaris-x86