Last updated on 2022-05-21 23:50:54 CEST.
Flavor | Version | Tinstall | Tcheck | Ttotal | Status | Flags |
---|---|---|---|---|---|---|
r-devel-linux-x86_64-debian-clang | 4.3.2 | 6.19 | 119.68 | 125.87 | OK | |
r-devel-linux-x86_64-debian-gcc | 4.3.2 | 5.00 | 87.85 | 92.85 | OK | |
r-devel-linux-x86_64-fedora-clang | 4.3.2 | 153.28 | NOTE | |||
r-devel-linux-x86_64-fedora-gcc | 4.3.2 | 148.04 | OK | |||
r-devel-windows-x86_64 | 4.3.2 | 27.00 | 126.00 | 153.00 | OK | |
r-patched-linux-x86_64 | 4.3.2 | 3.98 | 108.36 | 112.34 | OK | |
r-release-linux-x86_64 | 4.3.2 | 4.33 | 108.84 | 113.17 | OK | |
r-release-macos-arm64 | 4.3.2 | 6.00 | ERROR | |||
r-release-macos-x86_64 | 4.3.2 | 87.00 | OK | |||
r-release-windows-x86_64 | 4.3.2 | 26.00 | 133.00 | 159.00 | OK | |
r-oldrel-macos-arm64 | 4.3.2 | 33.00 | OK | |||
r-oldrel-macos-x86_64 | 4.3.2 | 54.00 | OK | |||
r-oldrel-windows-ix86+x86_64 | 4.3.2 | 35.00 | 121.00 | 156.00 | OK |
Version: 4.3.2
Check: Rd cross-references
Result: NOTE
Undeclared package ‘tibble’ in Rd xrefs
Flavor: r-devel-linux-x86_64-fedora-clang
Version: 4.3.2
Check: package dependencies
Result: ERROR
Packages required and available but unsuitable versions:
'broom.mixed', 'performance'
See section ‘The DESCRIPTION file’ in the ‘Writing R Extensions’
manual.
Flavor: r-release-macos-arm64