CRAN Package Check Results for Package broom.mixed

Last updated on 2019-06-07 02:50:45 CEST.

Flavor Version Tinstall Tcheck Ttotal Status Flags
r-devel-linux-x86_64-debian-clang 0.2.4 10.39 141.36 151.75 NOTE
r-devel-linux-x86_64-debian-gcc 0.2.4 8.61 108.73 117.34 NOTE
r-devel-linux-x86_64-fedora-clang 0.2.4 173.38 NOTE
r-devel-linux-x86_64-fedora-gcc 0.2.4 182.47 NOTE
r-devel-windows-ix86+x86_64 0.2.4 32.00 214.00 246.00 NOTE
r-patched-linux-x86_64 0.2.4 9.94 137.73 147.67 NOTE
r-patched-solaris-x86 0.2.4 284.10 NOTE
r-release-linux-x86_64 0.2.4 11.88 137.71 149.59 NOTE
r-release-windows-ix86+x86_64 0.2.4 35.00 212.00 247.00 NOTE
r-release-osx-x86_64 0.2.4 NOTE
r-oldrel-windows-ix86+x86_64 0.2.4 14.00 161.00 175.00 NOTE
r-oldrel-osx-x86_64 0.2.4 NOTE

Check Details

Version: 0.2.4
Check: package dependencies
Result: NOTE
    Package suggested but not available for checking: 'glmmADMB'
Flavors: r-devel-linux-x86_64-debian-clang, r-devel-linux-x86_64-debian-gcc, r-devel-linux-x86_64-fedora-clang, r-devel-linux-x86_64-fedora-gcc, r-devel-windows-ix86+x86_64, r-patched-linux-x86_64, r-patched-solaris-x86, r-release-linux-x86_64, r-release-windows-ix86+x86_64, r-release-osx-x86_64, r-oldrel-windows-ix86+x86_64, r-oldrel-osx-x86_64