CRAN Package Check Results for Package broom.mixed

Last updated on 2019-09-08 23:47:08 CEST.

Flavor Version Tinstall Tcheck Ttotal Status Flags
r-devel-linux-x86_64-debian-clang 0.2.4 NOTE
r-devel-linux-x86_64-debian-gcc 0.2.4 8.09 109.04 117.13 NOTE
r-devel-linux-x86_64-fedora-clang 0.2.4 187.14 NOTE
r-devel-linux-x86_64-fedora-gcc 0.2.4 189.95 NOTE
r-devel-windows-ix86+x86_64 0.2.4 34.00 210.00 244.00 NOTE
r-patched-linux-x86_64 0.2.4 9.52 138.48 148.00 NOTE
r-patched-solaris-x86 0.2.4 264.00 NOTE
r-release-linux-x86_64 0.2.4 11.28 136.94 148.22 NOTE
r-release-windows-ix86+x86_64 0.2.4 17.00 149.00 166.00 NOTE
r-release-osx-x86_64 0.2.4 NOTE
r-oldrel-windows-ix86+x86_64 0.2.4 18.00 145.00 163.00 NOTE
r-oldrel-osx-x86_64 0.2.4 NOTE

Check Details

Version: 0.2.4
Check: package dependencies
Result: NOTE
    Package suggested but not available for checking: 'glmmADMB'
Flavors: r-devel-linux-x86_64-debian-clang, r-devel-linux-x86_64-debian-gcc, r-devel-linux-x86_64-fedora-clang, r-devel-linux-x86_64-fedora-gcc, r-devel-windows-ix86+x86_64, r-patched-linux-x86_64, r-patched-solaris-x86, r-release-linux-x86_64, r-release-windows-ix86+x86_64, r-release-osx-x86_64, r-oldrel-windows-ix86+x86_64, r-oldrel-osx-x86_64