CRAN Package Check Results for Package brms

Last updated on 2019-07-22 06:47:34 CEST.

Flavor Version Tinstall Tcheck Ttotal Status Flags
r-devel-linux-x86_64-debian-clang 2.9.0 41.77 497.92 539.69 OK
r-devel-linux-x86_64-debian-gcc 2.9.0 37.09 386.05 423.14 OK
r-devel-linux-x86_64-fedora-clang 2.9.0 696.77 NOTE
r-devel-linux-x86_64-fedora-gcc 2.9.0 619.93 OK
r-devel-windows-ix86+x86_64 2.9.0 77.00 277.00 354.00 NOTE --no-examples --no-tests --no-vignettes
r-patched-linux-x86_64 2.9.0 42.80 497.67 540.47 OK
r-patched-solaris-x86 2.9.0 900.30 NOTE
r-release-linux-x86_64 2.9.0 42.31 495.16 537.47 OK
r-release-windows-ix86+x86_64 2.9.0 70.00 180.00 250.00 NOTE --no-examples --no-tests --no-vignettes
r-release-osx-x86_64 2.9.0 NOTE
r-oldrel-windows-ix86+x86_64 2.9.0 77.00 176.00 253.00 NOTE --no-examples --no-tests --no-vignettes
r-oldrel-osx-x86_64 2.9.0 NOTE

Additional issues

MKL

Check Details

Version: 2.9.0
Check: installed package size
Result: NOTE
     installed size is 6.4Mb
     sub-directories of 1Mb or more:
     R 2.9Mb
     doc 2.6Mb
Flavors: r-devel-linux-x86_64-fedora-clang, r-patched-solaris-x86, r-release-osx-x86_64, r-oldrel-osx-x86_64

Version: 2.9.0
Flags: --no-examples --no-tests --no-vignettes
Check: installed package size
Result: NOTE
     installed size is 6.3Mb
     sub-directories of 1Mb or more:
     R 2.9Mb
     doc 2.6Mb
Flavors: r-devel-windows-ix86+x86_64, r-release-windows-ix86+x86_64, r-oldrel-windows-ix86+x86_64