CRAN Package Check Results for Package brlrmr

Last updated on 2020-09-25 23:50:16 CEST.

Flavor Version Tinstall Tcheck Ttotal Status Flags
r-devel-linux-x86_64-debian-clang 0.1.7 3.24 25.41 28.65 OK
r-devel-linux-x86_64-debian-gcc 0.1.7 2.42 19.99 22.41 OK
r-devel-linux-x86_64-fedora-clang 0.1.7 42.94 NOTE
r-devel-linux-x86_64-fedora-gcc 0.1.7 34.22 NOTE
r-devel-windows-ix86+x86_64 0.1.7 1.00 5.00 6.00 ERROR
r-patched-linux-x86_64 0.1.7 3.32 24.82 28.14 OK
r-patched-solaris-x86 0.1.7 51.20 NOTE
r-release-linux-x86_64 0.1.7 2.76 24.84 27.60 OK
r-release-macos-x86_64 0.1.7 NOTE
r-release-windows-ix86+x86_64 0.1.7 7.00 43.00 50.00 OK
r-oldrel-macos-x86_64 0.1.7 NOTE
r-oldrel-windows-ix86+x86_64 0.1.7 5.00 39.00 44.00 OK

Check Details

Version: 0.1.7
Check: dependencies in R code
Result: NOTE
    Namespaces in Imports field not imported from:
     ‘Rcpp’ ‘profileModel’
     All declared Imports should be used.
Flavors: r-devel-linux-x86_64-fedora-clang, r-devel-linux-x86_64-fedora-gcc, r-patched-solaris-x86, r-release-macos-x86_64, r-oldrel-macos-x86_64

Version: 0.1.7
Check: package dependencies
Result: ERROR
    Package required but not available: 'brglm'
    
    See section 'The DESCRIPTION file' in the 'Writing R Extensions'
    manual.
Flavor: r-devel-windows-ix86+x86_64