Last updated on 2023-06-10 00:54:40 CEST.
Flavor | Version | Tinstall | Tcheck | Ttotal | Status | Flags |
---|---|---|---|---|---|---|
r-devel-linux-x86_64-debian-clang | 4.8.4 | 41.09 | 755.11 | 796.20 | OK | |
r-devel-linux-x86_64-debian-gcc | 4.8.4 | 30.75 | 558.72 | 589.47 | OK | |
r-devel-linux-x86_64-fedora-clang | 4.8.4 | 962.00 | OK | |||
r-devel-linux-x86_64-fedora-gcc | 4.8.4 | 960.74 | OK | |||
r-devel-windows-x86_64 | 4.8.4 | 32.00 | 573.00 | 605.00 | OK | |
r-patched-linux-x86_64 | 4.8.4 | 34.80 | 720.15 | 754.95 | OK | |
r-release-linux-x86_64 | 4.8.4 | 33.05 | 705.72 | 738.77 | OK | |
r-release-macos-arm64 | 4.8.4 | 7.00 | ERROR | |||
r-release-macos-x86_64 | 4.8.4 | 8.00 | ERROR | |||
r-release-windows-x86_64 | 4.8.4 | 44.00 | 673.00 | 717.00 | OK | |
r-oldrel-macos-arm64 | 4.8.4 | 223.00 | OK | |||
r-oldrel-macos-x86_64 | 4.8.4 | 316.00 | OK | |||
r-oldrel-windows-x86_64 | 4.8.4 | 44.00 | 661.00 | 705.00 | OK |
Version: 4.8.4
Check: package dependencies
Result: ERROR
Package required but not available: ‘phyloseq’
See section ‘The DESCRIPTION file’ in the ‘Writing R Extensions’
manual.
Flavors: r-release-macos-arm64, r-release-macos-x86_64