CRAN Package Check Results for Package breakDown

Last updated on 2020-05-24 23:47:39 CEST.

Flavor Version Tinstall Tcheck Ttotal Status Flags
r-devel-linux-x86_64-debian-clang 0.2.0 4.92 493.72 498.64 OK
r-devel-linux-x86_64-debian-gcc 0.2.0 3.68 397.30 400.98 OK
r-devel-linux-x86_64-fedora-clang 0.2.0 594.67 OK
r-devel-linux-x86_64-fedora-gcc 0.2.0 586.06 OK
r-devel-windows-ix86+x86_64 0.2.0 18.00 478.00 496.00 OK
r-patched-linux-x86_64 0.2.0 4.73 481.66 486.39 OK
r-patched-solaris-x86 0.2.0 2847.10 WARN
r-release-linux-x86_64 0.2.0 4.40 488.74 493.14 OK
r-release-osx-x86_64 0.2.0 OK
r-release-windows-ix86+x86_64 0.2.0 16.00 558.00 574.00 OK
r-oldrel-osx-x86_64 0.2.0 OK
r-oldrel-windows-ix86+x86_64 0.2.0 12.00 618.00 630.00 OK

Check Details

Version: 0.2.0
Check: re-building of vignette outputs
Result: WARN
    Error(s) in re-building vignettes:
     ...
    --- re-building ‘break_caret.Rmd’ using rmarkdown
    Warning in engine$weave(file, quiet = quiet, encoding = enc) :
     Pandoc (>= 1.12.3) and/or pandoc-citeproc not available. Falling back to R Markdown v1.
    Loading required package: lattice
    Loading required package: ggplot2
    --- finished re-building ‘break_caret.Rmd’
    
    --- re-building ‘break_glm.Rmd’ using rmarkdown
    Warning in engine$weave(file, quiet = quiet, encoding = enc) :
     Pandoc (>= 1.12.3) and/or pandoc-citeproc not available. Falling back to R Markdown v1.
    --- finished re-building ‘break_glm.Rmd’
    
    --- re-building ‘break_lm.Rmd’ using rmarkdown
    Warning in engine$weave(file, quiet = quiet, encoding = enc) :
     Pandoc (>= 1.12.3) and/or pandoc-citeproc not available. Falling back to R Markdown v1.
    --- finished re-building ‘break_lm.Rmd’
    
    --- re-building ‘break_randomForest.Rmd’ using rmarkdown
    Warning in engine$weave(file, quiet = quiet, encoding = enc) :
     Pandoc (>= 1.12.3) and/or pandoc-citeproc not available. Falling back to R Markdown v1.
    --- finished re-building ‘break_randomForest.Rmd’
    
    Cpu Limit Exceeded - core dumped
    --- re-building ‘break_ranger.Rmd’ using rmarkdown
    Warning in engine$weave(file, quiet = quiet, encoding = enc) :
     Pandoc (>= 1.12.3) and/or pandoc-citeproc not available. Falling back to R Markdown v1.
    --- re-building ‘break_svm.Rmd’ using rmarkdown
    Warning in engine$weave(file, quiet = quiet, encoding = enc) :
     Pandoc (>= 1.12.3) and/or pandoc-citeproc not available. Falling back to R Markdown v1.
    --- finished re-building ‘break_svm.Rmd’
    
    --- re-building ‘break_xgboost.Rmd’ using rmarkdown
    Warning in engine$weave(file, quiet = quiet, encoding = enc) :
     Pandoc (>= 1.12.3) and/or pandoc-citeproc not available. Falling back to R Markdown v1.
    --- finished re-building ‘break_xgboost.Rmd’
    
    SUMMARY: processing the following file failed:
     ‘break_ranger.Rmd’
    
    Error: Vignette re-building failed.
    Execution halted
Flavor: r-patched-solaris-x86