CRAN Package Check Results for Package brandwatchR

Last updated on 2024-06-20 00:59:28 CEST.

Flavor Version Tinstall Tcheck Ttotal Status Flags
r-devel-linux-x86_64-debian-clang 0.3.0 2.32 29.05 31.37 NOTE
r-devel-linux-x86_64-debian-gcc 0.3.0 1.84 22.66 24.50 NOTE
r-devel-linux-x86_64-fedora-clang 0.3.0 40.37 NOTE
r-devel-linux-x86_64-fedora-gcc 0.3.0 38.76 NOTE
r-devel-windows-x86_64 0.3.0 4.00 47.00 51.00 NOTE
r-patched-linux-x86_64 0.3.0 3.56 27.81 31.37 NOTE
r-release-linux-x86_64 0.3.0 3.29 28.36 31.65 NOTE
r-release-macos-arm64 0.3.0 18.00 NOTE
r-release-macos-x86_64 0.3.0 37.00 NOTE
r-release-windows-x86_64 0.3.0 4.00 47.00 51.00 NOTE
r-oldrel-macos-arm64 0.3.0 19.00 NOTE
r-oldrel-macos-x86_64 0.3.0 24.00 NOTE
r-oldrel-windows-x86_64 0.3.0 5.00 50.00 55.00 NOTE

Check Details

Version: 0.3.0
Check: LazyData
Result: NOTE 'LazyData' is specified without a 'data' directory Flavors: r-devel-linux-x86_64-debian-clang, r-devel-linux-x86_64-debian-gcc, r-devel-linux-x86_64-fedora-clang, r-devel-linux-x86_64-fedora-gcc, r-devel-windows-x86_64, r-patched-linux-x86_64, r-release-linux-x86_64, r-release-macos-arm64, r-release-macos-x86_64, r-release-windows-x86_64, r-oldrel-macos-arm64, r-oldrel-macos-x86_64, r-oldrel-windows-x86_64