CRAN Package Check Results for Package bpnreg

Last updated on 2019-07-22 06:47:34 CEST.

Flavor Version Tinstall Tcheck Ttotal Status Flags
r-devel-linux-x86_64-debian-clang 1.0.0 39.48 78.31 117.79 NOTE
r-devel-linux-x86_64-debian-gcc 1.0.0 33.28 59.37 92.65 NOTE
r-devel-linux-x86_64-fedora-clang 1.0.0 149.89 NOTE
r-devel-linux-x86_64-fedora-gcc 1.0.0 129.97 NOTE
r-devel-windows-ix86+x86_64 1.0.0 81.00 179.00 260.00 OK
r-patched-linux-x86_64 1.0.0 38.72 78.26 116.98 NOTE
r-patched-solaris-x86 1.0.0 174.60 OK
r-release-linux-x86_64 1.0.0 40.96 78.16 119.12 NOTE
r-release-windows-ix86+x86_64 1.0.0 82.00 133.00 215.00 OK
r-release-osx-x86_64 1.0.0 OK
r-oldrel-windows-ix86+x86_64 1.0.0 103.00 131.00 234.00 OK
r-oldrel-osx-x86_64 1.0.0 OK

Check Details

Version: 1.0.0
Check: use of SHLIB_OPENMP_*FLAGS in Makefiles
Result: NOTE
     src/Makevars: SHLIB_OPENMP_CXXFLAGS is included in PKG_CXXFLAGS but not in PKG_LIBS
     src/Makevars: SHLIB_OPENMP_CFLAGS is included in PKG_LIBS but linking is by C++
     src/Makevars.win: SHLIB_OPENMP_CXXFLAGS is included in PKG_CXXFLAGS but not in PKG_LIBS
     src/Makevars.win: SHLIB_OPENMP_CFLAGS is included in PKG_LIBS but linking is by C++
    Use of these macros is discussed in sect 1.2.1.1 of 'Writing R
    Extensions'. The macros for different languages may differ so the
    matching macro must be used in PKG_CXXFLAGS (etc) and match that used
    in PKG_LIBS (except for Fortran: see the manual).
Flavors: r-devel-linux-x86_64-debian-clang, r-devel-linux-x86_64-debian-gcc, r-devel-linux-x86_64-fedora-clang, r-devel-linux-x86_64-fedora-gcc, r-patched-linux-x86_64, r-release-linux-x86_64