CRAN Package Check Results for Package bpgmm

Last updated on 2022-11-29 22:53:31 CET.

Flavor Version Tinstall Tcheck Ttotal Status Flags
r-devel-linux-x86_64-debian-clang 1.0.9 118.18 86.57 204.75 OK
r-devel-linux-x86_64-debian-gcc 1.0.9 92.96 63.95 156.91 OK
r-devel-linux-x86_64-fedora-clang 1.0.9 317.99 OK
r-devel-linux-x86_64-fedora-gcc 1.0.9 287.18 OK
r-devel-windows-x86_64 1.0.9 121.00 147.00 268.00 OK
r-patched-linux-x86_64 1.0.9 68.18 80.81 148.99 OK
r-release-linux-x86_64 1.0.9 72.26 80.17 152.43 OK
r-release-macos-arm64 1.0.9 61.00 NOTE
r-release-macos-x86_64 1.0.9 85.00 NOTE
r-release-windows-x86_64 1.0.9 103.00 136.00 239.00 OK
r-oldrel-macos-arm64 1.0.9 56.00 NOTE
r-oldrel-macos-x86_64 1.0.9 87.00 NOTE
r-oldrel-windows-ix86+x86_64 1.0.9 266.00 154.00 420.00 OK

Additional issues

donttest

Check Details

Version: 1.0.9
Check: installed package size
Result: NOTE
     installed size is 5.9Mb
     sub-directories of 1Mb or more:
     libs 5.6Mb
Flavors: r-release-macos-arm64, r-release-macos-x86_64, r-oldrel-macos-arm64, r-oldrel-macos-x86_64