Last updated on 2023-06-02 01:00:21 CEST.
Flavor | Version | Tinstall | Tcheck | Ttotal | Status | Flags |
---|---|---|---|---|---|---|
r-devel-linux-x86_64-debian-clang | 1.3-4 | 4.58 | 50.40 | 54.98 | NOTE | |
r-devel-linux-x86_64-debian-gcc | 1.3-4 | 4.23 | 40.50 | 44.73 | NOTE | |
r-devel-linux-x86_64-fedora-clang | 1.3-4 | 70.12 | NOTE | |||
r-devel-linux-x86_64-fedora-gcc | 1.3-4 | 79.20 | NOTE | |||
r-devel-windows-x86_64 | 1.3-4 | 7.00 | 75.00 | 82.00 | NOTE | |
r-patched-linux-x86_64 | 1.3-4 | NOTE | ||||
r-release-linux-x86_64 | 1.3-4 | 4.87 | 49.39 | 54.26 | NOTE | |
r-release-macos-arm64 | 1.3-4 | 32.00 | NOTE | |||
r-release-macos-x86_64 | 1.3-4 | 46.00 | NOTE | |||
r-release-windows-x86_64 | 1.3-4 | 8.00 | 78.00 | 86.00 | NOTE | |
r-oldrel-macos-arm64 | 1.3-4 | 25.00 | OK | |||
r-oldrel-macos-x86_64 | 1.3-4 | 33.00 | OK | |||
r-oldrel-windows-x86_64 | 1.3-4 | 8.00 | 75.00 | 83.00 | OK |
Version: 1.3-4
Check: Rd files
Result: NOTE
checkRd: (-1) bpca.Rd:85: Escaped LaTeX specials: \&
Flavors: r-devel-linux-x86_64-debian-clang, r-devel-linux-x86_64-debian-gcc, r-devel-linux-x86_64-fedora-clang, r-devel-linux-x86_64-fedora-gcc, r-devel-windows-x86_64, r-patched-linux-x86_64, r-release-linux-x86_64, r-release-macos-arm64, r-release-macos-x86_64, r-release-windows-x86_64
Version: 1.3-4
Check: Rd \usage sections
Result: NOTE
S3 methods shown with full name in documentation object ‘xtable.bpca’:
‘xtable.bpca’
The \usage entries for S3 methods should use the \method markup and not
their full name.
See chapter ‘Writing R documentation files’ in the ‘Writing R
Extensions’ manual.
Flavors: r-devel-linux-x86_64-debian-clang, r-devel-linux-x86_64-debian-gcc, r-devel-linux-x86_64-fedora-clang, r-devel-linux-x86_64-fedora-gcc, r-devel-windows-x86_64, r-patched-linux-x86_64, r-release-linux-x86_64, r-release-macos-arm64, r-release-macos-x86_64, r-release-windows-x86_64