CRAN Package Check Results for Package boxoffice

Last updated on 2019-07-22 06:47:34 CEST.

Flavor Version Tinstall Tcheck Ttotal Status Flags
r-devel-linux-x86_64-debian-clang 1.2.2 1.79 31.98 33.77 WARN
r-devel-linux-x86_64-debian-gcc 1.2.2 1.38 24.98 26.36 ERROR
r-devel-linux-x86_64-fedora-clang 1.2.2 40.40 OK
r-devel-linux-x86_64-fedora-gcc 1.2.2 39.39 OK
r-devel-windows-ix86+x86_64 1.2.2 4.00 76.00 80.00 OK
r-patched-linux-x86_64 1.2.2 1.81 32.61 34.42 OK
r-patched-solaris-x86 1.2.2 60.40 OK
r-release-linux-x86_64 1.2.2 1.79 32.55 34.34 OK
r-release-windows-ix86+x86_64 1.2.2 4.00 76.00 80.00 OK
r-release-osx-x86_64 1.2.2 OK
r-oldrel-windows-ix86+x86_64 1.2.2 3.00 85.00 88.00 OK
r-oldrel-osx-x86_64 1.2.2 OK

Check Details

Version: 1.2.2
Check: re-building of vignette outputs
Result: WARN
    Error(s) in re-building vignettes:
     ...
    --- re-building 'get_daily_box_office_info.Rmd' using rmarkdown
    Quitting from lines 48-53 (get_daily_box_office_info.Rmd)
    Error: processing vignette 'get_daily_box_office_info.Rmd' failed with diagnostics:
    is.response(x) is not TRUE
    --- failed re-building 'get_daily_box_office_info.Rmd'
    
    --- re-building 'top_grossing.Rmd' using rmarkdown
    --- finished re-building 'top_grossing.Rmd'
    
    SUMMARY: processing the following file failed:
     'get_daily_box_office_info.Rmd'
    
    Error: Vignette re-building failed.
    Execution halted
Flavors: r-devel-linux-x86_64-debian-clang, r-devel-linux-x86_64-debian-gcc

Version: 1.2.2
Check: tests
Result: ERROR
     Running ‘spelling.R’ [0s/1s]
     Running ‘testthat.R’ [4s/20s]
    Running the tests in ‘tests/testthat.R’ failed.
    Complete output:
     > library(testthat)
     > library(boxoffice)
     >
     > test_check("boxoffice")
     Please note that these numbers are not adjusted for inflation.
     Please note that these numbers are not adjusted for inflation.
     Please note that these numbers are not adjusted for inflation.
     The terms of use for boxofficemojo.com does not permit scraping without their written permission. If you do not have written permission, please ask them for it or change the site parameter to 'numbers' to use the-numbers.com which does not forbid scraping without permission.
     ── 1. Error: returns warning (@test-errors-silent.R#15) ───────────────────────
     is.response(x) is not TRUE
     1: expect_message(boxoffice(dates = as.Date("2017-12-25"), site = "mojo")) at testthat/test-errors-silent.R:15
     2: quasi_capture(enquo(object), label, capture_messages)
     3: .capture(act$val <- eval_bare(get_expr(.quo), get_env(.quo)), ...)
     4: withCallingHandlers(code, message = function(condition) {
     out$push(condition)
     invokeRestart("muffleMessage")
     })
     5: eval_bare(get_expr(.quo), get_env(.quo))
     6: boxoffice(dates = as.Date("2017-12-25"), site = "mojo")
     7: httr::content(page, "parsed", encoding = "UTF-8")
     8: stopifnot(is.response(x))
    
     ══ testthat results ═══════════════════════════════════════════════════════════
     OK: 99 SKIPPED: 4 WARNINGS: 0 FAILED: 1
     1. Error: returns warning (@test-errors-silent.R#15)
    
     Error: testthat unit tests failed
     Execution halted
Flavor: r-devel-linux-x86_64-debian-gcc