CRAN Package Check Results for Package bootSVD

Last updated on 2020-05-24 23:47:39 CEST.

Flavor Version Tinstall Tcheck Ttotal Status Flags
r-devel-linux-x86_64-debian-clang 0.5 3.13 32.26 35.39 NOTE
r-devel-linux-x86_64-debian-gcc 0.5 2.41 25.54 27.95 NOTE
r-devel-linux-x86_64-fedora-clang 0.5 42.94 NOTE
r-devel-linux-x86_64-fedora-gcc 0.5 41.81 NOTE
r-devel-windows-ix86+x86_64 0.5 10.00 48.00 58.00 NOTE
r-patched-linux-x86_64 0.5 3.10 32.12 35.22 NOTE
r-patched-solaris-x86 0.5 64.00 NOTE
r-release-linux-x86_64 0.5 3.13 31.62 34.75 NOTE
r-release-osx-x86_64 0.5 NOTE
r-release-windows-ix86+x86_64 0.5 9.00 57.00 66.00 NOTE
r-oldrel-osx-x86_64 0.5 NOTE
r-oldrel-windows-ix86+x86_64 0.5 5.00 64.00 69.00 NOTE

Check Details

Version: 0.5
Check: R code for possible problems
Result: NOTE
    bootSVD: no visible global function definition for 'object.size'
    bootSVD : <anonymous> : <anonymous>: no visible global function
     definition for 'quantile'
    bootSVD_LD: no visible global function definition for 'txtProgressBar'
    bootSVD_LD: no visible global function definition for
     'setTxtProgressBar'
    genQ: no visible global function definition for 'rnorm'
    getHDpercentiles : <anonymous>: no visible global function definition
     for 'quantile'
    getMomentsAndMomentCI: no visible binding for global variable 'var'
    os: no visible global function definition for 'object.size'
    simEEG: no visible global function definition for 'rnorm'
    Undefined global functions or variables:
     object.size quantile rnorm setTxtProgressBar txtProgressBar var
    Consider adding
     importFrom("stats", "quantile", "rnorm", "var")
     importFrom("utils", "object.size", "setTxtProgressBar",
     "txtProgressBar")
    to your NAMESPACE file.
Flavors: r-devel-linux-x86_64-debian-clang, r-devel-linux-x86_64-debian-gcc, r-devel-linux-x86_64-fedora-clang, r-devel-linux-x86_64-fedora-gcc, r-devel-windows-ix86+x86_64, r-patched-linux-x86_64, r-patched-solaris-x86, r-release-linux-x86_64, r-release-osx-x86_64, r-release-windows-ix86+x86_64, r-oldrel-osx-x86_64, r-oldrel-windows-ix86+x86_64