CRAN Package Check Results for Package bootSVD

Last updated on 2019-10-13 23:47:16 CEST.

Flavor Version Tinstall Tcheck Ttotal Status Flags
r-devel-linux-x86_64-debian-clang 0.5 2.99 29.88 32.87 NOTE
r-devel-linux-x86_64-debian-gcc 0.5 2.27 23.91 26.18 NOTE
r-devel-linux-x86_64-fedora-clang 0.5 39.52 NOTE
r-devel-linux-x86_64-fedora-gcc 0.5 38.54 NOTE
r-devel-windows-ix86+x86_64 0.5 7.00 62.00 69.00 NOTE
r-patched-linux-x86_64 0.5 2.68 29.05 31.73 NOTE
r-patched-solaris-x86 0.5 61.30 NOTE
r-release-linux-x86_64 0.5 2.54 29.00 31.54 NOTE
r-release-windows-ix86+x86_64 0.5 8.00 43.00 51.00 NOTE
r-release-osx-x86_64 0.5 NOTE
r-oldrel-windows-ix86+x86_64 0.5 4.00 42.00 46.00 NOTE
r-oldrel-osx-x86_64 0.5 NOTE

Check Details

Version: 0.5
Check: R code for possible problems
Result: NOTE
    bootSVD: no visible global function definition for 'object.size'
    bootSVD : <anonymous> : <anonymous>: no visible global function
     definition for 'quantile'
    bootSVD_LD: no visible global function definition for 'txtProgressBar'
    bootSVD_LD: no visible global function definition for
     'setTxtProgressBar'
    genQ: no visible global function definition for 'rnorm'
    getHDpercentiles : <anonymous>: no visible global function definition
     for 'quantile'
    getMomentsAndMomentCI: no visible binding for global variable 'var'
    os: no visible global function definition for 'object.size'
    simEEG: no visible global function definition for 'rnorm'
    Undefined global functions or variables:
     object.size quantile rnorm setTxtProgressBar txtProgressBar var
    Consider adding
     importFrom("stats", "quantile", "rnorm", "var")
     importFrom("utils", "object.size", "setTxtProgressBar",
     "txtProgressBar")
    to your NAMESPACE file.
Flavors: r-devel-linux-x86_64-debian-clang, r-devel-linux-x86_64-debian-gcc, r-devel-linux-x86_64-fedora-clang, r-devel-linux-x86_64-fedora-gcc, r-devel-windows-ix86+x86_64, r-patched-linux-x86_64, r-patched-solaris-x86, r-release-linux-x86_64, r-release-windows-ix86+x86_64, r-release-osx-x86_64, r-oldrel-windows-ix86+x86_64, r-oldrel-osx-x86_64