Last updated on 2022-06-26 23:51:53 CEST.
Flavor | Version | Tinstall | Tcheck | Ttotal | Status | Flags |
---|---|---|---|---|---|---|
r-devel-linux-x86_64-debian-clang | 1.1.5 | 10.03 | 82.91 | 92.94 | OK | |
r-devel-linux-x86_64-debian-gcc | 1.1.5 | 7.46 | 64.19 | 71.65 | OK | |
r-devel-linux-x86_64-fedora-clang | 1.1.5 | 119.07 | NOTE | |||
r-devel-linux-x86_64-fedora-gcc | 1.1.5 | 122.47 | NOTE | |||
r-devel-windows-x86_64 | 1.1.5 | 24.00 | 116.00 | 140.00 | OK | |
r-patched-linux-x86_64 | 1.1.5 | 7.66 | 79.26 | 86.92 | OK | |
r-release-linux-x86_64 | 1.1.5 | 9.03 | 80.37 | 89.40 | OK | |
r-release-macos-arm64 | 1.1.5 | 34.00 | NOTE | |||
r-release-macos-x86_64 | 1.1.5 | 51.00 | NOTE | |||
r-release-windows-x86_64 | 1.1.5 | 22.00 | 115.00 | 137.00 | OK | |
r-oldrel-macos-arm64 | 1.1.5 | 41.00 | NOTE | |||
r-oldrel-macos-x86_64 | 1.1.5 | 50.00 | NOTE | |||
r-oldrel-windows-ix86+x86_64 | 1.1.5 | 18.00 | 103.00 | 121.00 | OK |
Version: 1.1.5
Check: dependencies in R code
Result: NOTE
Namespaces in Imports field not imported from:
‘HSAUR3’ ‘knitr’ ‘rmarkdown’
All declared Imports should be used.
Flavors: r-devel-linux-x86_64-fedora-clang, r-devel-linux-x86_64-fedora-gcc, r-release-macos-arm64, r-release-macos-x86_64, r-oldrel-macos-arm64, r-oldrel-macos-x86_64