CRAN Package Check Results for Package boilerpipeR

Last updated on 2019-11-10 23:48:22 CET.

Flavor Version Tinstall Tcheck Ttotal Status Flags
r-devel-linux-x86_64-debian-clang 1.3 3.50 44.31 47.81 OK
r-devel-linux-x86_64-debian-gcc 1.3 2.69 34.27 36.96 OK
r-devel-linux-x86_64-fedora-clang 1.3 60.80 OK
r-devel-linux-x86_64-fedora-gcc 1.3 56.35 OK
r-devel-windows-ix86+x86_64 1.3 5.00 6.00 11.00 ERROR
r-patched-linux-x86_64 1.3 2.88 42.66 45.54 OK
r-patched-solaris-x86 1.3 73.40 OK
r-release-linux-x86_64 1.3 3.22 42.12 45.34 OK
r-release-windows-ix86+x86_64 1.3 11.00 58.00 69.00 OK
r-release-osx-x86_64 1.3 OK
r-oldrel-windows-ix86+x86_64 1.3 5.00 80.00 85.00 OK
r-oldrel-osx-x86_64 1.3 OK

Check Details

Version: 1.3
Check: whether package can be installed
Result: ERROR
    Installation failed.
Flavor: r-devel-windows-ix86+x86_64