CRAN Package Check Results for Package bndovb

Last updated on 2022-06-24 23:50:06 CEST.

Flavor Version Tinstall Tcheck Ttotal Status Flags
r-devel-linux-x86_64-debian-clang 1.1 9.96 99.90 109.86 OK
r-devel-linux-x86_64-debian-gcc 1.1 9.02 76.06 85.08 OK
r-devel-linux-x86_64-fedora-clang 1.1 151.37 WARN
r-devel-linux-x86_64-fedora-gcc 1.1 146.46 WARN
r-devel-windows-x86_64 1.1 16.00 122.00 138.00 OK
r-patched-linux-x86_64 1.1 7.67 96.49 104.16 OK
r-release-linux-x86_64 1.1 7.83 95.99 103.82 OK
r-release-macos-arm64 1.1 62.00 NOTE
r-release-macos-x86_64 1.1 69.00 NOTE
r-release-windows-x86_64 1.1 24.00 123.00 147.00 OK
r-oldrel-macos-arm64 1.1 40.00 NOTE
r-oldrel-macos-x86_64 1.1 57.00 NOTE
r-oldrel-windows-ix86+x86_64 1.1 24.00 115.00 139.00 OK

Check Details

Version: 1.1
Check: package dependencies
Result: WARN
    Requires (indirectly) orphaned package: ‘gtools’
Flavors: r-devel-linux-x86_64-fedora-clang, r-devel-linux-x86_64-fedora-gcc

Version: 1.1
Check: dependencies in R code
Result: NOTE
    Namespace in Imports field not imported from: ‘dplyr’
     All declared Imports should be used.
Flavors: r-devel-linux-x86_64-fedora-clang, r-devel-linux-x86_64-fedora-gcc, r-release-macos-arm64, r-release-macos-x86_64, r-oldrel-macos-arm64, r-oldrel-macos-x86_64