Last updated on 2022-07-03 23:55:40 CEST.
Flavor | Version | Tinstall | Tcheck | Ttotal | Status | Flags |
---|---|---|---|---|---|---|
r-devel-linux-x86_64-debian-clang | 1.1.0 | 1159.82 | 169.19 | 1329.01 | NOTE | |
r-devel-linux-x86_64-debian-gcc | 1.1.0 | 951.16 | 160.40 | 1111.56 | NOTE | |
r-devel-linux-x86_64-fedora-clang | 1.1.0 | 1921.91 | NOTE | |||
r-devel-linux-x86_64-fedora-gcc | 1.1.0 | 1898.35 | NOTE | |||
r-devel-windows-x86_64 | 1.1.0 | 635.00 | 273.00 | 908.00 | NOTE | |
r-patched-linux-x86_64 | 1.1.0 | 732.91 | 205.96 | 938.87 | NOTE | |
r-release-linux-x86_64 | 1.1.0 | 748.25 | 204.36 | 952.61 | NOTE | |
r-release-macos-arm64 | 1.1.0 | 452.00 | NOTE | |||
r-release-macos-x86_64 | 1.1.0 | 713.00 | NOTE | |||
r-release-windows-x86_64 | 1.1.0 | 697.00 | 273.00 | 970.00 | NOTE | |
r-oldrel-macos-arm64 | 1.1.0 | 360.00 | NOTE | |||
r-oldrel-macos-x86_64 | 1.1.0 | 517.00 | NOTE | |||
r-oldrel-windows-ix86+x86_64 | 1.1.0 | 2217.00 | 338.00 | 2555.00 | NOTE |
Version: 1.1.0
Check: for GNU extensions in Makefiles
Result: NOTE
GNU make is a SystemRequirements.
Flavors: r-devel-linux-x86_64-debian-clang, r-devel-linux-x86_64-debian-gcc, r-devel-linux-x86_64-fedora-clang, r-devel-linux-x86_64-fedora-gcc, r-devel-windows-x86_64, r-patched-linux-x86_64, r-release-linux-x86_64, r-release-macos-arm64, r-release-macos-x86_64, r-release-windows-x86_64, r-oldrel-macos-arm64, r-oldrel-macos-x86_64, r-oldrel-windows-ix86+x86_64
Version: 1.1.0
Check: installed package size
Result: NOTE
installed size is 127.5Mb
sub-directories of 1Mb or more:
libs 126.7Mb
Flavors: r-devel-linux-x86_64-fedora-clang, r-devel-windows-x86_64, r-release-macos-arm64, r-release-macos-x86_64, r-release-windows-x86_64, r-oldrel-macos-arm64, r-oldrel-macos-x86_64, r-oldrel-windows-ix86+x86_64