CRAN Package Check Results for Package blscrapeR

Last updated on 2019-10-20 23:47:20 CEST.

Flavor Version Tinstall Tcheck Ttotal Status Flags
r-devel-linux-x86_64-debian-clang 3.1.6 7.26 60.15 67.41 OK
r-devel-linux-x86_64-debian-gcc 3.1.6 6.45 47.31 53.76 OK
r-devel-linux-x86_64-fedora-clang 3.1.6 83.79 ERROR
r-devel-linux-x86_64-fedora-gcc 3.1.6 84.27 OK
r-devel-windows-ix86+x86_64 3.1.6 18.00 85.00 103.00 OK
r-patched-linux-x86_64 3.1.6 6.55 51.73 58.28 OK
r-patched-solaris-x86 3.1.6 116.10 OK
r-release-linux-x86_64 3.1.6 7.85 52.60 60.45 OK
r-release-windows-ix86+x86_64 3.1.6 26.00 114.00 140.00 OK
r-release-osx-x86_64 3.1.6 OK
r-oldrel-windows-ix86+x86_64 3.1.6 11.00 76.00 87.00 OK
r-oldrel-osx-x86_64 3.1.6 OK

Check Details

Version: 3.1.6
Check: tests
Result: ERROR
     Running ‘testthat.R’ [2s/14s]
    Running the tests in ‘tests/testthat.R’ failed.
    Complete output:
     > library(testthat)
     > library(blscrapeR)
     >
     > test_check("blscrapeR")
     ── 1. Error: (unknown) (@test_bls_api.R#19) ───────────────────────────────────
     Timeout was reached: [api.bls.gov] Connection timed out after 10001 milliseconds
     1: content(POST(base_url, body = payload, content_type_json())) at testthat/test_bls_api.R:19
     2: stopifnot(is.response(x))
     3: is.response(x)
     4: POST(base_url, body = payload, content_type_json())
     5: request_perform(req, hu$handle$handle)
     6: request_fetch(req$output, req$url, handle)
     7: request_fetch.write_memory(req$output, req$url, handle)
     8: curl::curl_fetch_memory(url, handle = handle)
    
     ══ testthat results ═══════════════════════════════════════════════════════════
     [ OK: 0 | SKIPPED: 0 | WARNINGS: 0 | FAILED: 1 ]
     1. Error: (unknown) (@test_bls_api.R#19)
    
     Error: testthat unit tests failed
     Execution halted
Flavor: r-devel-linux-x86_64-fedora-clang