CRAN Package Check Results for Package blockmodels

Last updated on 2019-07-22 06:47:34 CEST.

Flavor Version Tinstall Tcheck Ttotal Status Flags
r-devel-linux-x86_64-debian-clang 1.1.1 86.39 53.66 140.05 NOTE
r-devel-linux-x86_64-debian-gcc 1.1.1 67.21 41.57 108.78 NOTE
r-devel-linux-x86_64-fedora-clang 1.1.1 194.41 NOTE
r-devel-linux-x86_64-fedora-gcc 1.1.1 180.46 NOTE
r-devel-windows-ix86+x86_64 1.1.1 131.00 145.00 276.00 NOTE
r-patched-linux-x86_64 1.1.1 73.21 52.19 125.40 NOTE
r-patched-solaris-x86 1.1.1 195.90 NOTE
r-release-linux-x86_64 1.1.1 73.08 51.91 124.99 NOTE
r-release-windows-ix86+x86_64 1.1.1 128.00 96.00 224.00 NOTE
r-release-osx-x86_64 1.1.1 NOTE
r-oldrel-windows-ix86+x86_64 1.1.1 182.00 98.00 280.00 NOTE
r-oldrel-osx-x86_64 1.1.1 NOTE

Check Details

Version: 1.1.1
Check: R code for possible problems
Result: NOTE
    blockmodelskmeans: no visible global function definition for 'dist'
    matrixplot: no visible global function definition for 'image'
    matrixplot: no visible global function definition for 'hsv'
    matrixplot: no visible global function definition for 'axis'
    Undefined global functions or variables:
     axis dist hsv image
    Consider adding
     importFrom("grDevices", "hsv")
     importFrom("graphics", "axis", "image")
     importFrom("stats", "dist")
    to your NAMESPACE file.
Flavors: r-devel-linux-x86_64-debian-clang, r-devel-linux-x86_64-debian-gcc, r-devel-linux-x86_64-fedora-clang, r-devel-linux-x86_64-fedora-gcc, r-devel-windows-ix86+x86_64, r-patched-linux-x86_64, r-patched-solaris-x86, r-release-linux-x86_64, r-release-windows-ix86+x86_64, r-release-osx-x86_64, r-oldrel-windows-ix86+x86_64, r-oldrel-osx-x86_64

Version: 1.1.1
Check: installed package size
Result: NOTE
     installed size is 12.2Mb
     sub-directories of 1Mb or more:
     libs 11.8Mb
Flavors: r-devel-linux-x86_64-fedora-clang, r-devel-windows-ix86+x86_64, r-release-windows-ix86+x86_64, r-release-osx-x86_64, r-oldrel-windows-ix86+x86_64, r-oldrel-osx-x86_64

Version: 1.1.1
Check: compiled code
Result: NOTE
    File ‘blockmodels/libs/blockmodels.so’:
     Found no calls to: ‘R_registerRoutines’, ‘R_useDynamicSymbols’
    
    It is good practice to register native routines and to disable symbol
    search.
    
    See ‘Writing portable packages’ in the ‘Writing R Extensions’ manual.
Flavors: r-devel-linux-x86_64-fedora-clang, r-devel-linux-x86_64-fedora-gcc