CRAN Package Check Results for Package blockmodels

Last updated on 2021-04-21 23:47:56 CEST.

Flavor Version Tinstall Tcheck Ttotal Status Flags
r-devel-linux-x86_64-debian-clang 1.1.4 113.02 62.17 175.19 OK
r-devel-linux-x86_64-debian-gcc 1.1.4 67.60 46.03 113.63 OK
r-devel-linux-x86_64-fedora-clang 1.1.4 237.36 NOTE
r-devel-linux-x86_64-fedora-gcc 1.1.4 203.92 OK
r-devel-windows-ix86+x86_64 1.1.4 206.00 129.00 335.00 NOTE
r-devel-windows-x86_64-gcc10-UCRT 1.1.4 OK
r-patched-linux-x86_64 1.1.4 80.75 58.21 138.96 OK
r-patched-solaris-x86 1.1.4 205.40 OK
r-release-linux-x86_64 1.1.4 75.63 57.05 132.68 OK
r-release-macos-x86_64 1.1.4 NOTE
r-release-windows-ix86+x86_64 1.1.4 207.00 128.00 335.00 NOTE
r-oldrel-macos-x86_64 1.1.4 NOTE
r-oldrel-windows-ix86+x86_64 1.1.4 152.00 113.00 265.00 NOTE

Check Details

Version: 1.1.4
Check: installed package size
Result: NOTE
     installed size is 12.2Mb
     sub-directories of 1Mb or more:
     libs 11.7Mb
Flavors: r-devel-linux-x86_64-fedora-clang, r-devel-windows-ix86+x86_64, r-release-macos-x86_64, r-release-windows-ix86+x86_64, r-oldrel-macos-x86_64, r-oldrel-windows-ix86+x86_64