CRAN Package Check Results for Package blockmodels

Last updated on 2019-05-19 02:46:22 CEST.

Flavor Version Tinstall Tcheck Ttotal Status Flags
r-devel-linux-x86_64-debian-clang 1.1.1 84.45 53.13 137.58 NOTE
r-devel-linux-x86_64-debian-gcc 1.1.1 59.43 41.73 101.16 NOTE
r-devel-linux-x86_64-fedora-clang 1.1.1 202.29 NOTE
r-devel-linux-x86_64-fedora-gcc 1.1.1 160.71 NOTE
r-devel-windows-ix86+x86_64 1.1.1 174.00 128.00 302.00 NOTE
r-patched-linux-x86_64 1.1.1 68.18 52.86 121.04 NOTE
r-patched-solaris-x86 1.1.1 189.50 NOTE
r-release-linux-x86_64 1.1.1 69.09 51.70 120.79 NOTE
r-release-windows-ix86+x86_64 1.1.1 176.00 141.00 317.00 NOTE
r-release-osx-x86_64 1.1.1 NOTE
r-oldrel-windows-ix86+x86_64 1.1.1 162.00 132.00 294.00 NOTE
r-oldrel-osx-x86_64 1.1.1 NOTE

Check Details

Version: 1.1.1
Check: R code for possible problems
Result: NOTE
    blockmodelskmeans: no visible global function definition for 'dist'
    matrixplot: no visible global function definition for 'image'
    matrixplot: no visible global function definition for 'hsv'
    matrixplot: no visible global function definition for 'axis'
    Undefined global functions or variables:
     axis dist hsv image
    Consider adding
     importFrom("grDevices", "hsv")
     importFrom("graphics", "axis", "image")
     importFrom("stats", "dist")
    to your NAMESPACE file.
Flavors: r-devel-linux-x86_64-debian-clang, r-devel-linux-x86_64-debian-gcc, r-devel-linux-x86_64-fedora-clang, r-devel-linux-x86_64-fedora-gcc, r-devel-windows-ix86+x86_64, r-patched-linux-x86_64, r-patched-solaris-x86, r-release-linux-x86_64, r-release-windows-ix86+x86_64, r-release-osx-x86_64, r-oldrel-windows-ix86+x86_64, r-oldrel-osx-x86_64

Version: 1.1.1
Check: installed package size
Result: NOTE
     installed size is 12.2Mb
     sub-directories of 1Mb or more:
     libs 11.8Mb
Flavors: r-devel-linux-x86_64-fedora-clang, r-devel-windows-ix86+x86_64, r-release-windows-ix86+x86_64, r-release-osx-x86_64, r-oldrel-windows-ix86+x86_64, r-oldrel-osx-x86_64

Version: 1.1.1
Check: compiled code
Result: NOTE
    File ‘blockmodels/libs/blockmodels.so’:
     Found no calls to: ‘R_registerRoutines’, ‘R_useDynamicSymbols’
    
    It is good practice to register native routines and to disable symbol
    search.
    
    See ‘Writing portable packages’ in the ‘Writing R Extensions’ manual.
Flavors: r-devel-linux-x86_64-fedora-clang, r-devel-linux-x86_64-fedora-gcc