CRAN Package Check Results for Package blockmodels

Last updated on 2020-05-24 23:47:39 CEST.

Flavor Version Tinstall Tcheck Ttotal Status Flags
r-devel-linux-x86_64-debian-clang 1.1.1 94.98 58.76 153.74 NOTE
r-devel-linux-x86_64-debian-gcc 1.1.1 71.75 44.68 116.43 NOTE
r-devel-linux-x86_64-fedora-clang 1.1.1 218.01 NOTE
r-devel-linux-x86_64-fedora-gcc 1.1.1 193.89 NOTE
r-devel-windows-ix86+x86_64 1.1.1 201.00 143.00 344.00 NOTE
r-patched-linux-x86_64 1.1.1 76.84 57.47 134.31 NOTE
r-patched-solaris-x86 1.1.1 189.10 NOTE
r-release-linux-x86_64 1.1.1 79.17 56.76 135.93 NOTE
r-release-osx-x86_64 1.1.1 NOTE
r-release-windows-ix86+x86_64 1.1.1 150.00 134.00 284.00 NOTE
r-oldrel-osx-x86_64 1.1.1 NOTE
r-oldrel-windows-ix86+x86_64 1.1.1 165.00 105.00 270.00 NOTE

Check Details

Version: 1.1.1
Check: R code for possible problems
Result: NOTE
    blockmodelskmeans: no visible global function definition for 'dist'
    matrixplot: no visible global function definition for 'image'
    matrixplot: no visible global function definition for 'hsv'
    matrixplot: no visible global function definition for 'axis'
    Undefined global functions or variables:
     axis dist hsv image
    Consider adding
     importFrom("grDevices", "hsv")
     importFrom("graphics", "axis", "image")
     importFrom("stats", "dist")
    to your NAMESPACE file.
Flavors: r-devel-linux-x86_64-debian-clang, r-devel-linux-x86_64-debian-gcc, r-devel-linux-x86_64-fedora-clang, r-devel-linux-x86_64-fedora-gcc, r-devel-windows-ix86+x86_64, r-patched-linux-x86_64, r-patched-solaris-x86, r-release-linux-x86_64, r-release-osx-x86_64, r-release-windows-ix86+x86_64, r-oldrel-osx-x86_64, r-oldrel-windows-ix86+x86_64

Version: 1.1.1
Check: installed package size
Result: NOTE
     installed size is 14.6Mb
     sub-directories of 1Mb or more:
     libs 14.1Mb
Flavors: r-devel-linux-x86_64-fedora-clang, r-devel-windows-ix86+x86_64, r-release-osx-x86_64, r-release-windows-ix86+x86_64, r-oldrel-osx-x86_64, r-oldrel-windows-ix86+x86_64

Version: 1.1.1
Check: compiled code
Result: NOTE
    File ‘blockmodels/libs/blockmodels.so’:
     Found no calls to: ‘R_registerRoutines’, ‘R_useDynamicSymbols’
    
    It is good practice to register native routines and to disable symbol
    search.
    
    See ‘Writing portable packages’ in the ‘Writing R Extensions’ manual.
Flavors: r-devel-linux-x86_64-fedora-clang, r-devel-linux-x86_64-fedora-gcc