CRAN Package Check Results for Package blockTools

Last updated on 2019-07-15 00:50:22 CEST.

Flavor Version Tinstall Tcheck Ttotal Status Flags
r-devel-linux-x86_64-debian-clang 0.6-3 6.95 43.42 50.37 NOTE
r-devel-linux-x86_64-debian-gcc 0.6-3 5.92 34.09 40.01 NOTE
r-devel-linux-x86_64-fedora-clang 0.6-3 59.07 NOTE
r-devel-linux-x86_64-fedora-gcc 0.6-3 56.27 NOTE
r-devel-windows-ix86+x86_64 0.6-3 14.00 68.00 82.00 OK
r-patched-linux-x86_64 0.6-3 6.66 43.14 49.80 OK
r-patched-solaris-x86 0.6-3 84.50 OK
r-release-linux-x86_64 0.6-3 5.21 42.53 47.74 OK
r-release-windows-ix86+x86_64 0.6-3 15.00 101.00 116.00 OK
r-release-osx-x86_64 0.6-3 OK
r-oldrel-windows-ix86+x86_64 0.6-3 19.00 66.00 85.00 OK
r-oldrel-osx-x86_64 0.6-3 OK

Check Details

Version: 0.6-3
Check: for non-standard things in the check directory
Result: NOTE
    Found the following files/directories:
     'Groupa.csv' 'Groupa.tex' 'Groupb.csv' 'Groupb.tex' 'Groupc.csv'
     'Groupc.tex' 'file1.csv' 'file1.tex' 'file2.csv' 'file2.tex'
     'file3.csv' 'file3.tex'
Flavors: r-devel-linux-x86_64-debian-clang, r-devel-linux-x86_64-debian-gcc, r-devel-linux-x86_64-fedora-clang, r-devel-linux-x86_64-fedora-gcc

Version: 0.6-3
Check: compiled code
Result: NOTE
    File ‘blockTools/libs/blockTools.so’:
     Found no calls to: ‘R_registerRoutines’, ‘R_useDynamicSymbols’
    
    It is good practice to register native routines and to disable symbol
    search.
    
    See ‘Writing portable packages’ in the ‘Writing R Extensions’ manual.
Flavors: r-devel-linux-x86_64-fedora-clang, r-devel-linux-x86_64-fedora-gcc