CRAN Package Check Results for Package blockTools

Last updated on 2019-10-20 23:47:20 CEST.

Flavor Version Tinstall Tcheck Ttotal Status Flags
r-devel-linux-x86_64-debian-clang 0.6-3 6.22 42.82 49.04 NOTE
r-devel-linux-x86_64-debian-gcc 0.6-3 5.34 32.86 38.20 NOTE
r-devel-linux-x86_64-fedora-clang 0.6-3 59.51 NOTE
r-devel-linux-x86_64-fedora-gcc 0.6-3 60.86 NOTE
r-devel-windows-ix86+x86_64 0.6-3 17.00 71.00 88.00 OK
r-patched-linux-x86_64 0.6-3 6.17 41.50 47.67 OK
r-patched-solaris-x86 0.6-3 80.50 OK
r-release-linux-x86_64 0.6-3 5.56 42.05 47.61 OK
r-release-windows-ix86+x86_64 0.6-3 23.00 72.00 95.00 OK
r-release-osx-x86_64 0.6-3 OK
r-oldrel-windows-ix86+x86_64 0.6-3 11.00 65.00 76.00 OK
r-oldrel-osx-x86_64 0.6-3 OK

Check Details

Version: 0.6-3
Check: for non-standard things in the check directory
Result: NOTE
    Found the following files/directories:
     'Groupa.csv' 'Groupa.tex' 'Groupb.csv' 'Groupb.tex' 'Groupc.csv'
     'Groupc.tex' 'file1.csv' 'file1.tex' 'file2.csv' 'file2.tex'
     'file3.csv' 'file3.tex'
Flavors: r-devel-linux-x86_64-debian-clang, r-devel-linux-x86_64-debian-gcc, r-devel-linux-x86_64-fedora-clang, r-devel-linux-x86_64-fedora-gcc

Version: 0.6-3
Check: compiled code
Result: NOTE
    File ‘blockTools/libs/blockTools.so’:
     Found no calls to: ‘R_registerRoutines’, ‘R_useDynamicSymbols’
    
    It is good practice to register native routines and to disable symbol
    search.
    
    See ‘Writing portable packages’ in the ‘Writing R Extensions’ manual.
Flavors: r-devel-linux-x86_64-fedora-clang, r-devel-linux-x86_64-fedora-gcc