CRAN Package Check Results for Package blockRAR

Last updated on 2020-10-29 23:50:09 CET.

Flavor Version Tinstall Tcheck Ttotal Status Flags
r-devel-linux-x86_64-debian-clang 1.0.2 14.20 158.74 172.94 OK
r-devel-linux-x86_64-debian-gcc 1.0.2 11.34 117.94 129.28 OK
r-devel-linux-x86_64-fedora-clang 1.0.2 214.19 OK
r-devel-linux-x86_64-fedora-gcc 1.0.2 202.45 OK
r-devel-windows-ix86+x86_64 1.0.2 32.00 208.00 240.00 OK
r-patched-linux-x86_64 1.0.2 13.29 148.82 162.11 OK
r-patched-solaris-x86 1.0.2 305.10 NOTE
r-release-linux-x86_64 1.0.2 10.45 147.68 158.13 OK
r-release-macos-x86_64 1.0.2 OK
r-release-windows-ix86+x86_64 1.0.2 22.00 212.00 234.00 OK
r-oldrel-macos-x86_64 1.0.2 OK
r-oldrel-windows-ix86+x86_64 1.0.2 26.00 201.00 227.00 OK

Check Details

Version: 1.0.2
Check: package dependencies
Result: NOTE
    Package suggested but not available for checking: ‘pkgdown’
Flavor: r-patched-solaris-x86