CRAN Package Check Results for Package blockForest

Last updated on 2022-01-17 23:51:17 CET.

Flavor Version Tinstall Tcheck Ttotal Status Flags
r-devel-linux-x86_64-debian-clang 0.2.4 106.50 112.28 218.78 OK
r-devel-linux-x86_64-debian-gcc 0.2.4 72.00 86.13 158.13 OK
r-devel-linux-x86_64-fedora-clang 0.2.4 297.40 NOTE
r-devel-linux-x86_64-fedora-gcc 0.2.4 274.68 OK
r-devel-windows-x86_64-new-UL 0.2.4 165.00 143.00 308.00 OK
r-devel-windows-x86_64-new-TK 0.2.4 OK
r-patched-linux-x86_64 0.2.4 84.02 109.58 193.60 OK
r-release-linux-x86_64 0.2.4 OK
r-release-macos-arm64 0.2.4 NOTE
r-release-macos-x86_64 0.2.4 NOTE
r-release-windows-ix86+x86_64 0.2.4 233.00 184.00 417.00 OK
r-oldrel-macos-x86_64 0.2.4 NOTE
r-oldrel-windows-ix86+x86_64 0.2.4 233.00 200.00 433.00 OK

Check Details

Version: 0.2.4
Check: installed package size
Result: NOTE
     installed size is 5.9Mb
     sub-directories of 1Mb or more:
     libs 5.6Mb
Flavors: r-devel-linux-x86_64-fedora-clang, r-release-macos-arm64, r-release-macos-x86_64, r-oldrel-macos-x86_64