Last updated on 2022-06-28 23:53:59 CEST.
Flavor | Version | Tinstall | Tcheck | Ttotal | Status | Flags |
---|---|---|---|---|---|---|
r-devel-linux-x86_64-debian-clang | 1.0.4 | 52.85 | 136.11 | 188.96 | OK | |
r-devel-linux-x86_64-debian-gcc | 1.0.4 | 41.82 | 103.89 | 145.71 | OK | |
r-devel-linux-x86_64-fedora-clang | 1.0.4 | 252.44 | NOTE | |||
r-devel-linux-x86_64-fedora-gcc | 1.0.4 | 249.62 | NOTE | |||
r-devel-windows-x86_64 | 1.0.4 | 55.00 | 219.00 | 274.00 | NOTE | |
r-patched-linux-x86_64 | 1.0.4 | 40.19 | 140.03 | 180.22 | OK | |
r-release-linux-x86_64 | 1.0.4 | 43.79 | 135.68 | 179.47 | OK | |
r-release-macos-arm64 | 1.0.4 | 90.00 | NOTE | |||
r-release-macos-x86_64 | 1.0.4 | 124.00 | NOTE | |||
r-release-windows-x86_64 | 1.0.4 | 55.00 | 219.00 | 274.00 | NOTE | |
r-oldrel-macos-arm64 | 1.0.4 | 91.00 | NOTE | |||
r-oldrel-macos-x86_64 | 1.0.4 | 140.00 | NOTE | |||
r-oldrel-windows-ix86+x86_64 | 1.0.4 | 112.00 | 228.00 | 340.00 | NOTE |
Version: 1.0.4
Check: installed package size
Result: NOTE
installed size is 7.2Mb
sub-directories of 1Mb or more:
data 3.5Mb
libs 2.5Mb
Flavors: r-devel-linux-x86_64-fedora-clang, r-devel-windows-x86_64, r-release-macos-arm64, r-release-macos-x86_64, r-release-windows-x86_64, r-oldrel-macos-arm64, r-oldrel-macos-x86_64, r-oldrel-windows-ix86+x86_64
Version: 1.0.4
Check: dependencies in R code
Result: NOTE
Namespace in Imports field not imported from: ‘RcppArmadillo’
All declared Imports should be used.
Flavors: r-devel-linux-x86_64-fedora-clang, r-devel-linux-x86_64-fedora-gcc, r-release-macos-arm64, r-release-macos-x86_64, r-oldrel-macos-arm64, r-oldrel-macos-x86_64