CRAN Package Check Results for Package blatent

Last updated on 2022-01-21 23:48:40 CET.

Flavor Version Tinstall Tcheck Ttotal Status Flags
r-devel-linux-x86_64-debian-clang 0.1.1 123.04 51.61 174.65 NOTE
r-devel-linux-x86_64-debian-gcc 0.1.1 89.56 40.44 130.00 NOTE
r-devel-linux-x86_64-fedora-clang 0.1.1 260.96 NOTE
r-devel-linux-x86_64-fedora-gcc 0.1.1 239.50 NOTE
r-devel-windows-x86_64-new-UL 0.1.1 131.00 90.00 221.00 NOTE
r-devel-windows-x86_64-new-TK 0.1.1 NOTE
r-patched-linux-x86_64 0.1.1 98.75 50.38 149.13 NOTE
r-release-linux-x86_64 0.1.1 113.82 51.15 164.97 NOTE
r-release-macos-arm64 0.1.1 NOTE
r-release-macos-x86_64 0.1.1 NOTE
r-release-windows-ix86+x86_64 0.1.1 303.00 84.00 387.00 NOTE
r-oldrel-macos-x86_64 0.1.1 OK
r-oldrel-windows-ix86+x86_64 0.1.1 292.00 92.00 384.00 OK

Check Details

Version: 0.1.1
Check: LazyData
Result: NOTE
     'LazyData' is specified without a 'data' directory
Flavors: r-devel-linux-x86_64-debian-clang, r-devel-linux-x86_64-debian-gcc, r-devel-linux-x86_64-fedora-clang, r-devel-linux-x86_64-fedora-gcc, r-devel-windows-x86_64-new-UL, r-devel-windows-x86_64-new-TK, r-patched-linux-x86_64, r-release-linux-x86_64, r-release-macos-arm64, r-release-macos-x86_64, r-release-windows-ix86+x86_64

Version: 0.1.1
Check: installed package size
Result: NOTE
     installed size is 5.4Mb
     sub-directories of 1Mb or more:
     libs 5.0Mb
Flavor: r-release-macos-arm64