CRAN Package Check Results for Package blastula

Last updated on 2022-09-26 23:58:09 CEST.

Flavor Version Tinstall Tcheck Ttotal Status Flags
r-devel-linux-x86_64-debian-clang 0.3.2 6.21 74.49 80.70 NOTE
r-devel-linux-x86_64-debian-gcc 0.3.2 4.22 57.49 61.71 NOTE
r-devel-linux-x86_64-fedora-clang 0.3.2 112.52 NOTE
r-devel-linux-x86_64-fedora-gcc 0.3.2 103.59 NOTE
r-devel-windows-x86_64 0.3.2 77.00 127.00 204.00 NOTE
r-patched-linux-x86_64 0.3.2 5.35 70.59 75.94 NOTE
r-release-linux-x86_64 0.3.2 4.54 70.46 75.00 NOTE
r-release-macos-arm64 0.3.2 32.00 NOTE
r-release-macos-x86_64 0.3.2 64.00 NOTE
r-release-windows-x86_64 0.3.2 106.00 117.00 223.00 NOTE
r-oldrel-macos-arm64 0.3.2 41.00 NOTE
r-oldrel-macos-x86_64 0.3.2 62.00 NOTE
r-oldrel-windows-ix86+x86_64 0.3.2 12.00 109.00 121.00 NOTE

Check Details

Version: 0.3.2
Check: LazyData
Result: NOTE
     'LazyData' is specified without a 'data' directory
Flavors: r-devel-linux-x86_64-debian-clang, r-devel-linux-x86_64-debian-gcc, r-devel-linux-x86_64-fedora-clang, r-devel-linux-x86_64-fedora-gcc, r-devel-windows-x86_64, r-patched-linux-x86_64, r-release-linux-x86_64, r-release-macos-arm64, r-release-macos-x86_64, r-release-windows-x86_64, r-oldrel-macos-arm64, r-oldrel-macos-x86_64, r-oldrel-windows-ix86+x86_64