CRAN Package Check Results for Package bitops

Last updated on 2019-08-11 23:47:25 CEST.

Flavor Version Tinstall Tcheck Ttotal Status Flags
r-devel-linux-x86_64-debian-clang 1.0-6 2.49 18.32 20.81 OK
r-devel-linux-x86_64-debian-gcc 1.0-6 1.78 14.76 16.54 OK
r-devel-linux-x86_64-fedora-clang 1.0-6 25.38 NOTE
r-devel-linux-x86_64-fedora-gcc 1.0-6 24.07 NOTE
r-devel-windows-ix86+x86_64 1.0-6 11.00 37.00 48.00 OK
r-patched-linux-x86_64 1.0-6 2.08 17.85 19.93 OK
r-patched-solaris-x86 1.0-6 40.90 OK
r-release-linux-x86_64 1.0-6 1.88 17.80 19.68 OK
r-release-windows-ix86+x86_64 1.0-6 7.00 46.00 53.00 OK
r-release-osx-x86_64 1.0-6 OK
r-oldrel-windows-ix86+x86_64 1.0-6 7.00 33.00 40.00 OK
r-oldrel-osx-x86_64 1.0-6 OK

Additional issues

clang-UBSAN

Check Details

Version: 1.0-6
Check: compiled code
Result: NOTE
    File ‘bitops/libs/bitops.so’:
     Found no calls to: ‘R_registerRoutines’, ‘R_useDynamicSymbols’
    
    It is good practice to register native routines and to disable symbol
    search.
    
    See ‘Writing portable packages’ in the ‘Writing R Extensions’ manual.
Flavors: r-devel-linux-x86_64-fedora-clang, r-devel-linux-x86_64-fedora-gcc