CRAN Package Check Results for Package bitops

Last updated on 2019-06-07 02:50:45 CEST.

Flavor Version Tinstall Tcheck Ttotal Status Flags
r-devel-linux-x86_64-debian-clang 1.0-6 2.20 17.62 19.82 OK
r-devel-linux-x86_64-debian-gcc 1.0-6 1.60 14.50 16.10 OK
r-devel-linux-x86_64-fedora-clang 1.0-6 25.22 NOTE
r-devel-linux-x86_64-fedora-gcc 1.0-6 24.04 NOTE
r-devel-windows-ix86+x86_64 1.0-6 10.00 49.00 59.00 OK
r-patched-linux-x86_64 1.0-6 2.06 17.83 19.89 OK
r-patched-solaris-x86 1.0-6 45.80 OK
r-release-linux-x86_64 1.0-6 1.96 17.62 19.58 OK
r-release-windows-ix86+x86_64 1.0-6 7.00 46.00 53.00 OK
r-release-osx-x86_64 1.0-6 OK
r-oldrel-windows-ix86+x86_64 1.0-6 7.00 33.00 40.00 OK
r-oldrel-osx-x86_64 1.0-6 OK

Additional issues

clang-UBSAN

Check Details

Version: 1.0-6
Check: compiled code
Result: NOTE
    File ‘bitops/libs/bitops.so’:
     Found no calls to: ‘R_registerRoutines’, ‘R_useDynamicSymbols’
    
    It is good practice to register native routines and to disable symbol
    search.
    
    See ‘Writing portable packages’ in the ‘Writing R Extensions’ manual.
Flavors: r-devel-linux-x86_64-fedora-clang, r-devel-linux-x86_64-fedora-gcc