Last updated on 2022-06-26 23:51:53 CEST.
Flavor | Version | Tinstall | Tcheck | Ttotal | Status | Flags |
---|---|---|---|---|---|---|
r-devel-linux-x86_64-debian-clang | 0.3 | 13.35 | 116.60 | 129.95 | OK | |
r-devel-linux-x86_64-debian-gcc | 0.3 | 11.09 | 89.29 | 100.38 | OK | |
r-devel-linux-x86_64-fedora-clang | 0.3 | 168.15 | NOTE | |||
r-devel-linux-x86_64-fedora-gcc | 0.3 | 169.69 | NOTE | |||
r-devel-windows-x86_64 | 0.3 | 23.00 | 141.00 | 164.00 | OK | |
r-patched-linux-x86_64 | 0.3 | 16.69 | 114.54 | 131.23 | OK | |
r-release-linux-x86_64 | 0.3 | 13.50 | 113.60 | 127.10 | OK | |
r-release-macos-arm64 | 0.3 | 43.00 | NOTE | |||
r-release-macos-x86_64 | 0.3 | 65.00 | NOTE | |||
r-release-windows-x86_64 | 0.3 | 27.00 | 138.00 | 165.00 | OK | |
r-oldrel-macos-arm64 | 0.3 | 98.00 | NOTE | |||
r-oldrel-macos-x86_64 | 0.3 | 109.00 | NOTE | |||
r-oldrel-windows-ix86+x86_64 | 0.3 | 28.00 | 137.00 | 165.00 | OK |
Version: 0.3
Check: dependencies in R code
Result: NOTE
Namespace in Imports field not imported from: ‘MASS’
All declared Imports should be used.
Flavors: r-devel-linux-x86_64-fedora-clang, r-devel-linux-x86_64-fedora-gcc, r-release-macos-arm64, r-release-macos-x86_64, r-oldrel-macos-arm64, r-oldrel-macos-x86_64