Last updated on 2023-05-29 00:59:29 CEST.
Flavor | Version | Tinstall | Tcheck | Ttotal | Status | Flags |
---|---|---|---|---|---|---|
r-devel-linux-x86_64-debian-clang | 4.2 | 3.77 | 52.59 | 56.36 | NOTE | |
r-devel-linux-x86_64-debian-gcc | 4.2 | 3.24 | 40.53 | 43.77 | NOTE | |
r-devel-linux-x86_64-fedora-clang | 4.2 | 71.09 | NOTE | |||
r-devel-linux-x86_64-fedora-gcc | 4.2 | 79.40 | NOTE | |||
r-devel-windows-x86_64 | 4.2 | 5.00 | 65.00 | 70.00 | NOTE | |
r-patched-linux-x86_64 | 4.2 | 4.56 | 51.32 | 55.88 | NOTE | |
r-release-linux-x86_64 | 4.2 | 4.36 | 50.99 | 55.35 | NOTE | |
r-release-macos-arm64 | 4.2 | 31.00 | NOTE | |||
r-release-macos-x86_64 | 4.2 | 50.00 | NOTE | |||
r-release-windows-x86_64 | 4.2 | 6.00 | 74.00 | 80.00 | NOTE | |
r-oldrel-macos-arm64 | 4.2 | 30.00 | OK | |||
r-oldrel-macos-x86_64 | 4.2 | 48.00 | OK | |||
r-oldrel-windows-x86_64 | 4.2 | 7.00 | 72.00 | 79.00 | OK |
Version: 4.2
Check: Rd files
Result: NOTE
checkRd: (-1) tocher.Rd:13: Escaped LaTeX specials: \&
Flavors: r-devel-linux-x86_64-debian-clang, r-devel-linux-x86_64-debian-gcc, r-devel-linux-x86_64-fedora-clang, r-devel-linux-x86_64-fedora-gcc, r-devel-windows-x86_64, r-patched-linux-x86_64, r-release-linux-x86_64, r-release-macos-arm64, r-release-macos-x86_64, r-release-windows-x86_64