CRAN Package Check Results for Package bioregion

Last updated on 2024-06-13 00:55:08 CEST.

Flavor Version Tinstall Tcheck Ttotal Status Flags
r-devel-linux-x86_64-debian-clang 1.1.1 51.23 220.93 272.16 OK
r-devel-linux-x86_64-debian-gcc 1.1.1 0.60 1.75 2.35 ERROR
r-devel-linux-x86_64-fedora-clang 1.1.1 336.75 NOTE
r-devel-linux-x86_64-fedora-gcc 1.1.1 330.10 OK
r-devel-windows-x86_64 1.1.1 37.00 179.00 216.00 NOTE
r-patched-linux-x86_64 1.1.1 43.51 212.29 255.80 OK
r-release-linux-x86_64 1.1.1 42.55 211.57 254.12 OK
r-release-macos-arm64 1.1.1 83.00 NOTE
r-release-macos-x86_64 1.1.1 160.00 NOTE
r-release-windows-x86_64 1.1.1 40.00 180.00 220.00 NOTE
r-oldrel-macos-arm64 1.1.1 95.00 NOTE
r-oldrel-macos-x86_64 1.1.1 204.00 NOTE
r-oldrel-windows-x86_64 1.1.1 51.00 234.00 285.00 NOTE

Check Details

Version: 1.1.1
Check: package dependencies
Result: ERROR Packages required but not available: 'bipartite', 'ggplot2', 'igraph', 'tidyr' Packages suggested but not available for checking: 'dplyr', 'testthat' See section ‘The DESCRIPTION file’ in the ‘Writing R Extensions’ manual. Flavor: r-devel-linux-x86_64-debian-gcc

Version: 1.1.1
Check: installed package size
Result: NOTE installed size is 5.5Mb sub-directories of 1Mb or more: data 1.6Mb help 2.7Mb Flavors: r-devel-linux-x86_64-fedora-clang, r-devel-windows-x86_64, r-release-macos-arm64, r-release-macos-x86_64, r-release-windows-x86_64, r-oldrel-macos-arm64, r-oldrel-macos-x86_64, r-oldrel-windows-x86_64

Version: 1.1.1
Check: Rd cross-references
Result: NOTE Undeclared package ‘vegan’ in Rd xrefs Flavor: r-devel-linux-x86_64-fedora-clang