CRAN Package Check Results for Package biomod2

Last updated on 2019-10-20 23:47:20 CEST.

Flavor Version Tinstall Tcheck Ttotal Status Flags
r-devel-linux-x86_64-debian-clang 3.3-7.1 31.41 203.28 234.69 NOTE
r-devel-linux-x86_64-debian-gcc 3.3-7.1 27.38 157.05 184.43 NOTE
r-devel-linux-x86_64-fedora-clang 3.3-7.1 283.92 NOTE
r-devel-linux-x86_64-fedora-gcc 3.3-7.1 295.70 NOTE
r-devel-windows-ix86+x86_64 3.3-7.1 52.00 215.00 267.00 OK
r-patched-linux-x86_64 3.3-7.1 29.86 198.05 227.91 NOTE
r-patched-solaris-x86 3.3-7.1 376.50 NOTE
r-release-linux-x86_64 3.3-7.1 31.06 201.42 232.48 NOTE
r-release-windows-ix86+x86_64 3.3-7.1 73.00 202.00 275.00 OK
r-release-osx-x86_64 3.3-7.1 NOTE
r-oldrel-windows-ix86+x86_64 3.3-7.1 39.00 202.00 241.00 WARN
r-oldrel-osx-x86_64 3.3-7.1 OK

Check Details

Version: 3.3-7.1
Check: package dependencies
Result: NOTE
    Package suggested but not available for checking: 'maxent'
Flavors: r-devel-linux-x86_64-debian-clang, r-devel-linux-x86_64-debian-gcc, r-devel-linux-x86_64-fedora-clang, r-devel-linux-x86_64-fedora-gcc, r-patched-linux-x86_64, r-patched-solaris-x86, r-release-linux-x86_64, r-release-osx-x86_64

Version: 3.3-7.1
Check: for non-standard things in the check directory
Result: NOTE
    Found the following files/directories:
     'GuloGulo'
Flavors: r-devel-linux-x86_64-debian-clang, r-devel-linux-x86_64-debian-gcc, r-devel-linux-x86_64-fedora-clang, r-devel-linux-x86_64-fedora-gcc

Version: 3.3-7.1
Check: whether package can be installed
Result: WARN
    Found the following significant warnings:
     Warning: S3 methods '[.fun_list', '[.grouped_df', 'all.equal.tbl_df', 'anti_join.data.frame', 'anti_join.tbl_df', 'arrange.data.frame', 'arrange.default', 'arrange.grouped_df', 'arrange.tbl_df', 'arrange_.data.frame', 'arrange_.tbl_df', 'as.data.frame.grouped_df', 'as.data.frame.rowwise_df', 'as.data.frame.tbl_cube', 'as.table.tbl_cube', 'as.tbl.data.frame', 'as.tbl.tbl', 'as.tbl_cube.array', 'as.tbl_cube.data.frame', 'as.tbl_cube.matrix', 'as.tbl_cube.table', 'as_tibble.grouped_df', 'as_tibble.tbl_cube', 'auto_copy.tbl_cube', 'auto_copy.tbl_df', 'cbind.grouped_df', 'collapse.data.frame', 'collect.data.frame', 'common_by.NULL', 'common_by.character', 'common_by.default', 'common_by.list', 'compute.data.frame', 'copy_to.DBIConnection', 'copy_to.src_local', 'default_missing.data.frame', 'default_missing.default', 'dim.tbl_cube', 'distinct.data.frame', 'distinct.default', 'distinct.grouped_df', 'distinct.tbl_df', 'distinct_.data.frame', 'distinct_.grouped_df', 'distinct_.tbl_df', 'do.NULL', 'do.da [... truncated]
Flavor: r-oldrel-windows-ix86+x86_64