Last updated on 2023-09-21 00:56:26 CEST.
Flavor | Version | Tinstall | Tcheck | Ttotal | Status | Flags |
---|---|---|---|---|---|---|
r-devel-linux-x86_64-debian-clang | 1.1.3 | 11.34 | 201.58 | 212.92 | NOTE | |
r-devel-linux-x86_64-debian-gcc | 1.1.3 | 7.84 | 145.95 | 153.79 | NOTE | |
r-devel-linux-x86_64-fedora-clang | 1.1.3 | 246.97 | NOTE | |||
r-devel-linux-x86_64-fedora-gcc | 1.1.3 | 273.92 | NOTE | |||
r-devel-windows-x86_64 | 1.1.3 | 13.00 | 132.00 | 145.00 | NOTE | |
r-patched-linux-x86_64 | 1.1.3 | 6.85 | 188.28 | 195.13 | NOTE | |
r-release-linux-x86_64 | 1.1.3 | 10.01 | 192.18 | 202.19 | NOTE | |
r-release-macos-arm64 | 1.1.3 | 68.00 | NOTE | |||
r-release-macos-x86_64 | 1.1.3 | 165.00 | NOTE | |||
r-release-windows-x86_64 | 1.1.3 | 15.00 | 163.00 | 178.00 | NOTE | |
r-oldrel-macos-arm64 | 1.1.3 | 68.00 | NOTE | |||
r-oldrel-macos-x86_64 | 1.1.3 | 93.00 | NOTE | |||
r-oldrel-windows-x86_64 | 1.1.3 | 16.00 | 163.00 | 179.00 | NOTE |
Version: 1.1.3
Check: package dependencies
Result: NOTE
Package which this enhances but not available for checking: ‘asreml’
Flavors: r-devel-linux-x86_64-debian-clang, r-devel-linux-x86_64-debian-gcc, r-devel-linux-x86_64-fedora-clang, r-devel-linux-x86_64-fedora-gcc, r-devel-windows-x86_64, r-patched-linux-x86_64, r-release-linux-x86_64, r-release-macos-arm64, r-release-macos-x86_64, r-release-windows-x86_64, r-oldrel-macos-arm64, r-oldrel-macos-x86_64, r-oldrel-windows-x86_64