CRAN Package Check Results for Package biometryassist

Last updated on 2022-11-29 22:53:31 CET.

Flavor Version Tinstall Tcheck Ttotal Status Flags
r-devel-linux-x86_64-debian-clang 1.1.2 22.05 234.50 256.55 NOTE
r-devel-linux-x86_64-debian-gcc 1.1.2 16.83 168.66 185.49 NOTE
r-devel-linux-x86_64-fedora-clang 1.1.2 311.10 NOTE
r-devel-linux-x86_64-fedora-gcc 1.1.2 315.12 NOTE
r-devel-windows-x86_64 1.1.1 251.00 218.00 469.00 NOTE
r-patched-linux-x86_64 1.1.2 19.09 203.28 222.37 NOTE
r-release-linux-x86_64 1.1.2 18.25 215.04 233.29 NOTE
r-release-macos-arm64 1.1.1 62.00 NOTE
r-release-macos-x86_64 1.1.2 92.00 NOTE
r-release-windows-x86_64 1.1.2 126.00 228.00 354.00 NOTE
r-oldrel-macos-arm64 1.1.1 61.00 NOTE
r-oldrel-macos-x86_64 1.1.2 90.00 NOTE
r-oldrel-windows-ix86+x86_64 1.1.2 37.00 208.00 245.00 NOTE

Check Details

Version: 1.1.2
Check: package dependencies
Result: NOTE
    Package which this enhances but not available for checking: 'asreml'
Flavors: r-devel-linux-x86_64-debian-clang, r-devel-linux-x86_64-debian-gcc, r-devel-linux-x86_64-fedora-clang, r-devel-linux-x86_64-fedora-gcc, r-patched-linux-x86_64, r-release-linux-x86_64, r-release-macos-x86_64, r-release-windows-x86_64, r-oldrel-macos-x86_64, r-oldrel-windows-ix86+x86_64

Version: 1.1.1
Check: package dependencies
Result: NOTE
    Package which this enhances but not available for checking: 'asreml'
Flavors: r-devel-windows-x86_64, r-release-macos-arm64, r-oldrel-macos-arm64