CRAN Package Check Results for Package bioimagetools

Last updated on 2019-07-15 00:50:22 CEST.

Flavor Version Tinstall Tcheck Ttotal Status Flags
r-devel-linux-x86_64-debian-clang 1.1.3 8.47 83.28 91.75 OK
r-devel-linux-x86_64-debian-gcc 1.1.3 8.42 62.98 71.40 OK
r-devel-linux-x86_64-fedora-clang 1.1.3 112.17 OK
r-devel-linux-x86_64-fedora-gcc 1.1.3 105.17 OK
r-devel-windows-ix86+x86_64 1.1.3 23.00 128.00 151.00 OK
r-patched-linux-x86_64 1.1.3 8.91 79.54 88.45 OK
r-patched-solaris-x86 1.1.3 199.80 OK
r-release-linux-x86_64 1.1.3 9.17 78.65 87.82 OK
r-release-windows-ix86+x86_64 1.1.3 24.00 166.00 190.00 OK
r-release-osx-x86_64 1.1.3 ERROR
r-oldrel-windows-ix86+x86_64 1.1.3 28.00 124.00 152.00 OK
r-oldrel-osx-x86_64 1.1.3 OK

Check Details

Version: 1.1.3
Check: package dependencies
Result: ERROR
    Package required but not available: ‘EBImage’
    
    See section ‘The DESCRIPTION file’ in the ‘Writing R Extensions’
    manual.
Flavor: r-release-osx-x86_64