CRAN Package Check Results for Package bigstatsr

Last updated on 2020-10-29 23:50:08 CET.

Flavor Version Tinstall Tcheck Ttotal Status Flags
r-devel-linux-x86_64-debian-clang 1.2.3 242.87 265.07 507.94 OK
r-devel-linux-x86_64-debian-gcc 1.2.3 174.93 207.44 382.37 OK
r-devel-linux-x86_64-fedora-clang 1.2.3 670.64 NOTE
r-devel-linux-x86_64-fedora-gcc 1.2.3 638.04 OK
r-devel-windows-ix86+x86_64 1.2.3 616.00 650.00 1266.00 NOTE
r-patched-linux-x86_64 1.2.3 201.64 263.01 464.65 OK
r-patched-solaris-x86 1.2.3 735.40 OK
r-release-linux-x86_64 1.2.3 210.56 255.37 465.93 OK
r-release-macos-x86_64 1.2.3 NOTE
r-release-windows-ix86+x86_64 1.2.3 464.00 649.00 1113.00 NOTE
r-oldrel-macos-x86_64 1.2.3 NOTE
r-oldrel-windows-ix86+x86_64 1.2.3 528.00 490.00 1018.00 NOTE

Check Details

Version: 1.2.3
Check: installed package size
Result: NOTE
     installed size is 14.8Mb
     sub-directories of 1Mb or more:
     extdata 2.3Mb
     libs 11.8Mb
Flavors: r-devel-linux-x86_64-fedora-clang, r-devel-windows-ix86+x86_64, r-release-macos-x86_64, r-release-windows-ix86+x86_64, r-oldrel-macos-x86_64, r-oldrel-windows-ix86+x86_64