CRAN Package Check Results for Package bigmemory

Last updated on 2022-05-22 23:51:39 CEST.

Flavor Version Tinstall Tcheck Ttotal Status Flags
r-devel-linux-x86_64-debian-clang 4.6.1 85.86 57.81 143.67 OK
r-devel-linux-x86_64-debian-gcc 4.6.1 74.09 44.24 118.33 OK
r-devel-linux-x86_64-fedora-clang 4.6.1 198.13 NOTE
r-devel-linux-x86_64-fedora-gcc 4.6.1 185.78 OK
r-devel-windows-x86_64 4.6.1 129.00 102.00 231.00 OK
r-patched-linux-x86_64 4.6.1 81.34 53.87 135.21 OK
r-release-linux-x86_64 4.6.1 78.96 55.05 134.01 OK
r-release-macos-arm64 4.6.1 51.00 NOTE
r-release-macos-x86_64 4.6.1 78.00 NOTE
r-release-windows-x86_64 4.6.1 127.00 101.00 228.00 OK
r-oldrel-macos-arm64 4.6.1 49.00 NOTE
r-oldrel-macos-x86_64 4.6.1 67.00 NOTE
r-oldrel-windows-ix86+x86_64 4.6.1 208.00 105.00 313.00 OK

Check Details

Version: 4.6.1
Check: installed package size
Result: NOTE
     installed size is 5.3Mb
     sub-directories of 1Mb or more:
     libs 4.8Mb
Flavors: r-devel-linux-x86_64-fedora-clang, r-release-macos-arm64, r-release-macos-x86_64, r-oldrel-macos-arm64, r-oldrel-macos-x86_64