CRAN Package Check Results for Package biglars

Last updated on 2019-12-08 23:47:16 CET.

Flavor Version Tinstall Tcheck Ttotal Status Flags
r-devel-linux-x86_64-debian-clang 1.0.2 3.78 23.57 27.35 OK
r-devel-linux-x86_64-debian-gcc 1.0.2 2.93 18.76 21.69 OK
r-devel-linux-x86_64-fedora-clang 1.0.2 33.05 NOTE
r-devel-linux-x86_64-fedora-gcc 1.0.2 31.14 NOTE
r-devel-windows-ix86+x86_64 1.0.2 13.00 65.00 78.00 OK
r-devel-windows-ix86+x86_64-gcc8 1.0.2 10.00 46.00 56.00 OK
r-patched-linux-x86_64 1.0.2 3.35 22.36 25.71 OK
r-patched-solaris-x86 1.0.2 46.00 OK
r-release-linux-x86_64 1.0.2 3.17 21.82 24.99 OK
r-release-windows-ix86+x86_64 1.0.2 14.00 42.00 56.00 OK
r-release-osx-x86_64 1.0.2 OK
r-oldrel-windows-ix86+x86_64 1.0.2 7.00 42.00 49.00 OK
r-oldrel-osx-x86_64 1.0.2 OK

Check Details

Version: 1.0.2
Check: compiled code
Result: NOTE
    File ‘biglars/libs/biglars.so’:
     Found no calls to: ‘R_registerRoutines’, ‘R_useDynamicSymbols’
    
    It is good practice to register native routines and to disable symbol
    search.
    
    See ‘Writing portable packages’ in the ‘Writing R Extensions’ manual.
Flavors: r-devel-linux-x86_64-fedora-clang, r-devel-linux-x86_64-fedora-gcc