CRAN Package Check Results for Package biglars

Last updated on 2019-07-22 06:47:33 CEST.

Flavor Version Tinstall Tcheck Ttotal Status Flags
r-devel-linux-x86_64-debian-clang 1.0.2 3.51 22.76 26.27 OK
r-devel-linux-x86_64-debian-gcc 1.0.2 2.65 18.05 20.70 OK
r-devel-linux-x86_64-fedora-clang 1.0.2 30.90 NOTE
r-devel-linux-x86_64-fedora-gcc 1.0.2 29.38 NOTE
r-devel-windows-ix86+x86_64 1.0.2 11.00 57.00 68.00 OK
r-patched-linux-x86_64 1.0.2 3.18 22.39 25.57 OK
r-patched-solaris-x86 1.0.2 48.70 OK
r-release-linux-x86_64 1.0.2 3.15 22.17 25.32 OK
r-release-windows-ix86+x86_64 1.0.2 12.00 46.00 58.00 OK
r-release-osx-x86_64 1.0.2 OK
r-oldrel-windows-ix86+x86_64 1.0.2 14.00 42.00 56.00 OK
r-oldrel-osx-x86_64 1.0.2 OK

Check Details

Version: 1.0.2
Check: compiled code
Result: NOTE
    File ‘biglars/libs/biglars.so’:
     Found no calls to: ‘R_registerRoutines’, ‘R_useDynamicSymbols’
    
    It is good practice to register native routines and to disable symbol
    search.
    
    See ‘Writing portable packages’ in the ‘Writing R Extensions’ manual.
Flavors: r-devel-linux-x86_64-fedora-clang, r-devel-linux-x86_64-fedora-gcc