CRAN Package Check Results for Package biganalytics

Last updated on 2019-07-22 06:47:33 CEST.

Flavor Version Tinstall Tcheck Ttotal Status Flags
r-devel-linux-x86_64-debian-clang 1.1.14 30.52 33.20 63.72 OK
r-devel-linux-x86_64-debian-gcc 1.1.14 25.05 26.39 51.44 OK
r-devel-linux-x86_64-fedora-clang 1.1.14 89.07 NOTE
r-devel-linux-x86_64-fedora-gcc 1.1.14 85.31 NOTE
r-devel-windows-ix86+x86_64 1.1.14 73.00 83.00 156.00 WARN
r-patched-linux-x86_64 1.1.14 27.59 32.71 60.30 OK
r-patched-solaris-x86 1.1.14 97.90 OK
r-release-linux-x86_64 1.1.14 29.82 32.57 62.39 OK
r-release-windows-ix86+x86_64 1.1.14 75.00 66.00 141.00 OK
r-release-osx-x86_64 1.1.14 OK
r-oldrel-windows-ix86+x86_64 1.1.14 103.00 64.00 167.00 OK
r-oldrel-osx-x86_64 1.1.14 OK

Additional issues

clang-UBSAN

Check Details

Version: 1.1.14
Check: compiled code
Result: NOTE
    File ‘biganalytics/libs/biganalytics.so’:
     Found no calls to: ‘R_registerRoutines’, ‘R_useDynamicSymbols’
    
    It is good practice to register native routines and to disable symbol
    search.
    
    See ‘Writing portable packages’ in the ‘Writing R Extensions’ manual.
Flavors: r-devel-linux-x86_64-fedora-clang, r-devel-linux-x86_64-fedora-gcc

Version: 1.1.14
Check: whether package can be installed
Result: WARN
    Found the following significant warnings:
     d:/RCompile/CRANpkg/lib/3.7/BH/include/boost/interprocess/detail/win32_api.hpp:151:9: warning: ISO C++ prohibits anonymous structs [-Wpedantic]
     d:/RCompile/CRANpkg/lib/3.7/BH/include/boost/interprocess/detail/win32_api.hpp:159:9: warning: ISO C++ prohibits anonymous structs [-Wpedantic]
     d:/RCompile/CRANpkg/lib/3.7/BH/include/boost/interprocess/detail/win32_api.hpp:184:13: warning: ISO C++ prohibits anonymous structs [-Wpedantic]
     d:/RCompile/CRANpkg/lib/3.7/BH/include/boost/interprocess/detail/win32_api.hpp:186:7: warning: ISO C++ prohibits anonymous structs [-Wpedantic]
     d:/RCompile/CRANpkg/lib/3.7/BH/include/boost/winapi/basic_types.hpp:212:44: warning: ISO C++ 1998 does not support 'long long' [-Wlong-long]
     d:/RCompile/CRANpkg/lib/3.7/BH/include/boost/winapi/basic_types.hpp:213:53: warning: ISO C++ 1998 does not support 'long long' [-Wlong-long]
Flavor: r-devel-windows-ix86+x86_64