CRAN Package Check Results for Package biganalytics

Last updated on 2019-10-13 23:47:15 CEST.

Flavor Version Tinstall Tcheck Ttotal Status Flags
r-devel-linux-x86_64-debian-clang 1.1.14 35.28 32.47 67.75 OK
r-devel-linux-x86_64-debian-gcc 1.1.14 25.29 25.98 51.27 OK
r-devel-linux-x86_64-fedora-clang 1.1.14 92.20 NOTE
r-devel-linux-x86_64-fedora-gcc 1.1.14 86.18 NOTE
r-devel-windows-ix86+x86_64 1.1.14 77.00 66.00 143.00 WARN
r-patched-linux-x86_64 1.1.14 26.31 31.74 58.05 OK
r-patched-solaris-x86 1.1.14 95.10 OK
r-release-linux-x86_64 1.1.14 28.08 31.96 60.04 OK
r-release-windows-ix86+x86_64 1.1.14 118.00 64.00 182.00 OK
r-release-osx-x86_64 1.1.14 OK
r-oldrel-windows-ix86+x86_64 1.1.14 63.00 66.00 129.00 OK
r-oldrel-osx-x86_64 1.1.14 OK

Check Details

Version: 1.1.14
Check: compiled code
Result: NOTE
    File ‘biganalytics/libs/biganalytics.so’:
     Found no calls to: ‘R_registerRoutines’, ‘R_useDynamicSymbols’
    
    It is good practice to register native routines and to disable symbol
    search.
    
    See ‘Writing portable packages’ in the ‘Writing R Extensions’ manual.
Flavors: r-devel-linux-x86_64-fedora-clang, r-devel-linux-x86_64-fedora-gcc

Version: 1.1.14
Check: whether package can be installed
Result: WARN
    Found the following significant warnings:
     d:/RCompile/CRANpkg/lib/3.7/BH/include/boost/interprocess/detail/win32_api.hpp:151:9: warning: ISO C++ prohibits anonymous structs [-Wpedantic]
     d:/RCompile/CRANpkg/lib/3.7/BH/include/boost/interprocess/detail/win32_api.hpp:159:9: warning: ISO C++ prohibits anonymous structs [-Wpedantic]
     d:/RCompile/CRANpkg/lib/3.7/BH/include/boost/interprocess/detail/win32_api.hpp:184:13: warning: ISO C++ prohibits anonymous structs [-Wpedantic]
     d:/RCompile/CRANpkg/lib/3.7/BH/include/boost/interprocess/detail/win32_api.hpp:186:7: warning: ISO C++ prohibits anonymous structs [-Wpedantic]
     d:/RCompile/CRANpkg/lib/3.7/BH/include/boost/winapi/basic_types.hpp:212:44: warning: ISO C++ 1998 does not support 'long long' [-Wlong-long]
     d:/RCompile/CRANpkg/lib/3.7/BH/include/boost/winapi/basic_types.hpp:213:53: warning: ISO C++ 1998 does not support 'long long' [-Wlong-long]
Flavor: r-devel-windows-ix86+x86_64