CRAN Package Check Results for Package bigQueryR

Last updated on 2022-11-29 22:53:31 CET.

Flavor Version Tinstall Tcheck Ttotal Status Flags
r-devel-linux-x86_64-debian-clang 0.5.0 5.15 47.67 52.82 NOTE
r-devel-linux-x86_64-debian-gcc 0.5.0 4.34 36.70 41.04 NOTE
r-devel-linux-x86_64-fedora-clang 0.5.0 80.51 NOTE
r-devel-linux-x86_64-fedora-gcc 0.5.0 74.30 NOTE
r-devel-windows-x86_64 0.5.0 32.00 85.00 117.00 NOTE
r-patched-linux-x86_64 0.5.0 4.38 44.90 49.28 NOTE
r-release-linux-x86_64 0.5.0 5.63 45.48 51.11 NOTE
r-release-macos-arm64 0.5.0 26.00 NOTE
r-release-macos-x86_64 0.5.0 50.00 NOTE
r-release-windows-x86_64 0.5.0 45.00 81.00 126.00 NOTE
r-oldrel-macos-arm64 0.5.0 28.00 NOTE
r-oldrel-macos-x86_64 0.5.0 57.00 NOTE
r-oldrel-windows-ix86+x86_64 0.5.0 12.00 75.00 87.00 NOTE

Check Details

Version: 0.5.0
Check: LazyData
Result: NOTE
     'LazyData' is specified without a 'data' directory
Flavors: r-devel-linux-x86_64-debian-clang, r-devel-linux-x86_64-debian-gcc, r-devel-linux-x86_64-fedora-clang, r-devel-linux-x86_64-fedora-gcc, r-devel-windows-x86_64, r-patched-linux-x86_64, r-release-linux-x86_64, r-release-macos-arm64, r-release-macos-x86_64, r-release-windows-x86_64, r-oldrel-macos-arm64, r-oldrel-macos-x86_64, r-oldrel-windows-ix86+x86_64

Version: 0.5.0
Check: Rd cross-references
Result: NOTE
    Undeclared package ‘bigrquery’ in Rd xrefs
Flavor: r-devel-linux-x86_64-fedora-clang