CRAN Package Check Results for Package bigMap

Last updated on 2019-10-20 23:47:20 CEST.

Flavor Version Tinstall Tcheck Ttotal Status Flags
r-devel-linux-x86_64-debian-clang 2.1.0 65.26 204.59 269.85 NOTE
r-devel-linux-x86_64-debian-gcc 2.1.0 45.70 159.12 204.82 NOTE
r-devel-linux-x86_64-fedora-clang 2.1.0 324.39 NOTE
r-devel-linux-x86_64-fedora-gcc 2.1.0 353.23 NOTE
r-devel-windows-ix86+x86_64 2.1.0 126.00 184.00 310.00 NOTE
r-patched-linux-x86_64 2.1.0 46.86 202.97 249.83 NOTE
r-patched-solaris-x86 2.1.0 188.60 NOTE
r-release-linux-x86_64 2.1.0 49.32 204.99 254.31 NOTE
r-release-windows-ix86+x86_64 2.1.0 173.00 180.00 353.00 NOTE
r-release-osx-x86_64 2.1.0 NOTE
r-oldrel-windows-ix86+x86_64 2.1.0 123.00 169.00 292.00 NOTE
r-oldrel-osx-x86_64 2.1.0 NOTE

Check Details

Version: 2.1.0
Check: for GNU extensions in Makefiles
Result: NOTE
    GNU make is a SystemRequirements.
Flavors: r-devel-linux-x86_64-debian-clang, r-devel-linux-x86_64-debian-gcc, r-devel-linux-x86_64-fedora-clang, r-devel-linux-x86_64-fedora-gcc, r-devel-windows-ix86+x86_64, r-patched-linux-x86_64, r-patched-solaris-x86, r-release-linux-x86_64, r-release-windows-ix86+x86_64, r-release-osx-x86_64, r-oldrel-windows-ix86+x86_64, r-oldrel-osx-x86_64

Version: 2.1.0
Check: installed package size
Result: NOTE
     installed size is 7.7Mb
     sub-directories of 1Mb or more:
     doc 3.0Mb
     extdata 2.5Mb
     libs 1.9Mb
Flavors: r-devel-linux-x86_64-fedora-clang, r-devel-windows-ix86+x86_64, r-patched-solaris-x86, r-release-windows-ix86+x86_64, r-release-osx-x86_64, r-oldrel-windows-ix86+x86_64, r-oldrel-osx-x86_64

Version: 2.1.0
Check: package dependencies
Result: NOTE
    Package suggested but not available for checking: ‘Rmpi’
Flavors: r-release-osx-x86_64, r-oldrel-osx-x86_64