CRAN Package Check Results for Package bigMap

Last updated on 2019-07-15 00:50:22 CEST.

Flavor Version Tinstall Tcheck Ttotal Status Flags
r-devel-linux-x86_64-debian-clang 2.1.0 52.61 200.39 253.00 NOTE
r-devel-linux-x86_64-debian-gcc 2.1.0 42.92 161.21 204.13 NOTE
r-devel-linux-x86_64-fedora-clang 2.1.0 335.74 NOTE
r-devel-linux-x86_64-fedora-gcc 2.1.0 333.30 NOTE
r-devel-windows-ix86+x86_64 2.1.0 122.00 193.00 315.00 NOTE
r-patched-linux-x86_64 2.1.0 55.34 210.40 265.74 NOTE
r-patched-solaris-x86 2.1.0 197.50 NOTE
r-release-linux-x86_64 2.1.0 55.19 199.98 255.17 NOTE
r-release-windows-ix86+x86_64 2.1.0 128.00 251.00 379.00 NOTE
r-release-osx-x86_64 2.1.0 NOTE
r-oldrel-windows-ix86+x86_64 2.1.0 166.00 180.00 346.00 NOTE
r-oldrel-osx-x86_64 2.1.0 NOTE

Check Details

Version: 2.1.0
Check: for GNU extensions in Makefiles
Result: NOTE
    GNU make is a SystemRequirements.
Flavors: r-devel-linux-x86_64-debian-clang, r-devel-linux-x86_64-debian-gcc, r-devel-linux-x86_64-fedora-clang, r-devel-linux-x86_64-fedora-gcc, r-devel-windows-ix86+x86_64, r-patched-linux-x86_64, r-patched-solaris-x86, r-release-linux-x86_64, r-release-windows-ix86+x86_64, r-release-osx-x86_64, r-oldrel-windows-ix86+x86_64, r-oldrel-osx-x86_64

Version: 2.1.0
Check: installed package size
Result: NOTE
     installed size is 7.5Mb
     sub-directories of 1Mb or more:
     doc 3.0Mb
     extdata 2.5Mb
     libs 1.8Mb
Flavors: r-devel-linux-x86_64-fedora-clang, r-devel-windows-ix86+x86_64, r-patched-solaris-x86, r-release-windows-ix86+x86_64, r-release-osx-x86_64, r-oldrel-windows-ix86+x86_64, r-oldrel-osx-x86_64

Version: 2.1.0
Check: package dependencies
Result: NOTE
    Package suggested but not available for checking: ‘Rmpi’
Flavors: r-release-osx-x86_64, r-oldrel-osx-x86_64