CRAN Package Check Results for Package bigMap

Last updated on 2022-06-24 23:50:06 CEST.

Flavor Version Tinstall Tcheck Ttotal Status Flags
r-devel-linux-x86_64-debian-clang 2.3.1 69.72 111.56 181.28 NOTE
r-devel-linux-x86_64-debian-gcc 2.3.1 55.69 78.02 133.71 NOTE
r-devel-linux-x86_64-fedora-clang 2.3.1 245.28 NOTE
r-devel-linux-x86_64-fedora-gcc 2.3.1 232.29 NOTE
r-devel-windows-x86_64 2.3.1 71.00 151.00 222.00 NOTE
r-patched-linux-x86_64 2.3.1 68.10 106.43 174.53 NOTE
r-release-linux-x86_64 2.3.1 55.68 105.22 160.90 NOTE
r-release-macos-arm64 2.3.1 58.00 NOTE
r-release-macos-x86_64 2.3.1 77.00 NOTE
r-release-windows-x86_64 2.3.1 74.00 156.00 230.00 NOTE
r-oldrel-macos-arm64 2.3.1 63.00 NOTE
r-oldrel-macos-x86_64 2.3.1 106.00 NOTE
r-oldrel-windows-ix86+x86_64 2.3.1 176.00 183.00 359.00 NOTE

Check Details

Version: 2.3.1
Check: for GNU extensions in Makefiles
Result: NOTE
    GNU make is a SystemRequirements.
Flavors: r-devel-linux-x86_64-debian-clang, r-devel-linux-x86_64-debian-gcc, r-devel-linux-x86_64-fedora-clang, r-devel-linux-x86_64-fedora-gcc, r-devel-windows-x86_64, r-patched-linux-x86_64, r-release-linux-x86_64, r-release-macos-arm64, r-release-macos-x86_64, r-release-windows-x86_64, r-oldrel-macos-arm64, r-oldrel-macos-x86_64, r-oldrel-windows-ix86+x86_64

Version: 2.3.1
Check: installed package size
Result: NOTE
     installed size is 5.5Mb
     sub-directories of 1Mb or more:
     doc 1.8Mb
     extdata 1.9Mb
     libs 1.6Mb
Flavors: r-devel-linux-x86_64-fedora-clang, r-release-macos-arm64, r-release-macos-x86_64, r-oldrel-macos-arm64, r-oldrel-macos-x86_64, r-oldrel-windows-ix86+x86_64